{"id":93,"date":"2013-03-01T14:44:51","date_gmt":"2013-03-01T14:44:51","guid":{"rendered":"http:\/\/masters.filescat.uab.catwebs\/portal\/muet\/?page_id=93"},"modified":"2013-03-01T14:44:51","modified_gmt":"2013-03-01T14:44:51","slug":"objectius-i-competencies","status":"publish","type":"page","link":"https:\/\/masters.filescat.uab.cat\/muet\/objectius-i-competencies\/","title":{"rendered":"Objectius i compet\u00e8ncies"},"content":{"rendered":"<h2>Objectius<\/h2>\n<h3>El m\u00e0ster est\u00e0 orientat a introduir l&#8217;estudiant en la recerca te\u00f2rica i pr\u00e0ctica en les arts esc\u00e8niques. El programa pret\u00e9n desenvolupar un marc general que permeti reunir distintes exig\u00e8ncies, possibilitats, perspectives conceptuals i objectes d&#8217;estudi que conflueixen en la investigaci\u00f3 sobre les arts esc\u00e8niques.<\/h3>\n<h2>Compet\u00e8ncies<\/h2>\n<h4>B\u00e0siques<\/h4>\n<ul>\n<li>Posseir i comprendre coneixements que aportin una base o oportunitat d\u2019\u00e9sser originals en el desenvolupament o aplicaci\u00f3 d\u2019idees, sovint en contextos de recerca.<\/li>\n<li>Aplicar els coneixements adquirits i la seva capacitat de resoluci\u00f3 de problemes en nous entorns o poc coneguts, dins contextos m\u00e9s amplis (o multidisciplinaris) relacionats amb la seva \u00e0rea d\u2019estudi.<\/li>\n<li>Integrar coneixements i fer front a la complexitat de formular judicis a partir d\u2019una informaci\u00f3 que inclogui reflexions sobre les responsabilitats socials i \u00e8tiques vinculades a l\u2019aplicaci\u00f3 dels seus coneixements i judicis.<\/li>\n<li>Comunicar les seves conclusions i coneixements i les raons finals que les sustenten, tant a p\u00fablics especialitzats com no especialitzats, d\u2019una manera clara i sense ambig\u00fcitats.<\/li>\n<li>Posseir les habilitats d&#8217;aprenentatge que permetin continuar un aprenentatge que haur\u00e0 de ser essencialment aut\u00f2nom o autodirigit.<\/li>\n<\/ul>\n<h4>Espec\u00edfiques<\/h4>\n<ul>\n<li>Valorar les especificitats de la recerca en les arts esc\u00e8niques i les potencialitats que deriven de la seva complexitat.<\/li>\n<li>Examinar les metodologies de la recerca en les arts esc\u00e8niques segons els par\u00e0metres cient\u00edfics internacionals.<\/li>\n<li>Aplicar m\u00e8todes d&#8217;investigaci\u00f3 en les diferents disciplines d&#8217;estudi de les arts esc\u00e8niques d&#8217;acord amb els marcs conceptuals pertinents.<\/li>\n<li>Analitzar els elements i fen\u00f2mens de les arts esc\u00e8niques a partir de les seves possibles categoritzacions i interrelacions.<\/li>\n<li>Elaborar un discurs cient\u00edfic sobre un objecte d&#8217;estudi relatiu a les arts esc\u00e8niques.<\/li>\n<li>Planificar i dissenyar una investigaci\u00f3 original i personal sobre un aspecte relacionat amb les arts esc\u00e8niques.<\/li>\n<li>Avaluar els fen\u00f2mens espectaculars en la seva dimensi\u00f3 sincr\u00f2nica i diacr\u00f2nica a partir de paradigmes te\u00f2rics concrets (especialitat A).<\/li>\n<li>Transferir a nivell conceptual el saber pragm\u00e0tic dels processos esc\u00e8nics per elevar la pr\u00e0ctica al pla de la recerca acad\u00e8mica (especialitat B).<\/li>\n<\/ul>\n<h4>Transversals<\/h4>\n<ul>\n<li>Treballar en un equip interdisciplinari en entorns diversos.<\/li>\n<li>Acomplir els codis deontol\u00f2gics inherents a l&#8217;activitat de la investigaci\u00f3.<\/li>\n<li>Respectar el valor hist\u00f2ric i cultural del patrimoni esc\u00e8nic.<\/li>\n<li>Valorar la dimensi\u00f3 social inherent a les arts esc\u00e8niques.<\/li>\n<\/ul>\n","protected":false},"excerpt":{"rendered":"<p>Objectius El m\u00e0ster est\u00e0 orientat a introduir l&#8217;estudiant en la recerca te\u00f2rica i pr\u00e0ctica en les arts esc\u00e8niques. El programa pret\u00e9n desenvolupar un marc general que permeti reunir distintes exig\u00e8ncies, possibilitats, perspectives conceptuals i objectes d&#8217;estudi que conflueixen en la investigaci\u00f3 sobre les arts esc\u00e8niques. Compet\u00e8ncies B\u00e0siques Posseir i comprendre coneixements que aportin una base [&hellip;]<\/p>\n","protected":false},"author":1,"featured_media":0,"parent":0,"menu_order":0,"comment_status":"open","ping_status":"open","template":"","meta":{"_et_pb_use_builder":"","_et_pb_old_content":"","_et_gb_content_width":"","footnotes":""},"class_list":["post-93","page","type-page","status-publish","hentry"],"_links":{"self":[{"href":"https:\/\/masters.filescat.uab.cat\/muet\/wp-json\/wp\/v2\/pages\/93","targetHints":{"allow":["GET"]}}],"collection":[{"href":"https:\/\/masters.filescat.uab.cat\/muet\/wp-json\/wp\/v2\/pages"}],"about":[{"href":"https:\/\/masters.filescat.uab.cat\/muet\/wp-json\/wp\/v2\/types\/page"}],"author":[{"embeddable":true,"href":"https:\/\/masters.filescat.uab.cat\/muet\/wp-json\/wp\/v2\/users\/1"}],"replies":[{"embeddable":true,"href":"https:\/\/masters.filescat.uab.cat\/muet\/wp-json\/wp\/v2\/comments?post=93"}],"version-history":[{"count":0,"href":"https:\/\/masters.filescat.uab.cat\/muet\/wp-json\/wp\/v2\/pages\/93\/revisions"}],"wp:attachment":[{"href":"https:\/\/masters.filescat.uab.cat\/muet\/wp-json\/wp\/v2\/media?parent=93"}],"curies":[{"name":"wp","href":"https:\/\/api.w.org\/{rel}","templated":true}]}}