{"id":3025,"date":"2024-07-03T08:09:43","date_gmt":"2024-07-03T07:09:43","guid":{"rendered":"https:\/\/masters.filescat.uab.cat\/muet\/?page_id=3025"},"modified":"2024-09-30T08:26:38","modified_gmt":"2024-09-30T07:26:38","slug":"curs-2024-2025","status":"publish","type":"page","link":"https:\/\/masters.filescat.uab.cat\/muet\/curs-2024-2025\/","title":{"rendered":"Curs 2024-2025"},"content":{"rendered":"<h3>Calendari i horaris. Curs 2024-2025<\/h3>\n<h4>INICI DE CLASSES<\/h4>\n<h6><strong>1r semestre: 1 D&#8217;OCTUBRE DE \u00a02024<br \/>\n2n semestre: 10 de febrer de 2025<\/strong><\/h6>\n<h4>ENTREVISTES PER A L&#8217;ASSIGNATURA DE PRACTICUM<\/h4>\n<h6><strong>20, 23 i 24 DE SETEMBRE DE 2024<\/strong><\/h6>\n<ul>\n<li style=\"list-style-type: none;\">\n<ul>\n<li>Entrevistes personalitzades, en format <strong>virtual<\/strong>, per als estudiants que vulguin optar a matricular-se al m\u00f2dul de Pr\u00e0ctiques externes.\u00a0At\u00e8s que nom\u00e9s es disposa de deu places per a les Pr\u00e0ctiques Externes, es demana als estudiants que aspirin a matricular-s\u2019hi que lliurin amb una setmana d\u2019antelaci\u00f3, a tot estirar, un breu <em>curriculum vitae<\/em> a la professora Carlota Subir\u00f3s (<a href=\"mailto:subirosbc@institutdelteatre.cat\">subirosbc@institutdelteatre.cat<\/a>), en qu\u00e8 s\u2019especifiqui la formaci\u00f3 i l\u2019activitat duta a terme en l\u2019\u00e0mbit de les arts esc\u00e8niques.El professorat del m\u00f2dul valorar\u00e0 especialment la qualitat de la formaci\u00f3 te\u00f2rica i de les experi\u00e8ncies pr\u00e0ctiques en l\u2019\u00e0mbit de les arts esc\u00e8niques, tant d\u2019\u00edndole professional com amateur. Com que l\u2019orientaci\u00f3 de les pr\u00e0ctiques no \u00e9s professionalitzadora sin\u00f3 de recerca en els processos creatius, l\u2019estudiant que vulgui fer-ne haur\u00e0 de tenir una formaci\u00f3 pr\u00e0ctica espec\u00edfica que permeti disposar d\u2019un coneixement previ que faciliti la seva incorporaci\u00f3 en la instituci\u00f3 o entitat d\u2019acollida.D\u2019altra banda, tamb\u00e9 es valorar\u00e0 la diversitat de traject\u00f2ries dels estudiants i les possibilitats reals d\u2019integraci\u00f3 en les destinacions d\u2019acord amb la borsa de pr\u00e0ctiques disponible.<\/li>\n<\/ul>\n<\/li>\n<\/ul>\n<h4>SESSI\u00d3 INFORMATIVA DE MATR\u00cdCULA<\/h4>\n<h6><strong>DILLUNS, 9 DE SETEMBRE DE 2024<\/strong><\/h6>\n<ul>\n<li>16 h Tutoria de matr\u00edcula. Sessi\u00f3 virtual a trav\u00e9s del Teams. Per accedir-hi, <a href=\"https:\/\/teams.microsoft.com\/l\/meetup-join\/19%3ameeting_ZWMzNTAxOWQtZTFjNy00ZjRlLWE1YmUtMzhiNDA4MWI2NmUz%40thread.v2\/0?context=%7b%22Tid%22%3a%226b514c29-2391-4831-b774-84f35c45bf01%22%2c%22Oid%22%3a%22089db188-1bc2-4525-998f-d1a4998ab8e1%22%7d\" target=\"_blank\" rel=\"noopener\">cliqueu aqu\u00ed \u2192<\/a><\/li>\n<\/ul>\n<h4>TUTORIES DE MATR\u00cdCULA<\/h4>\n<h6><strong>25, 26, 27 i 30 de SETEMBRE DE 2024<br \/>\nDespatx B11-104<br \/>\nHoraris:<\/strong><\/h6>\n<ul>\n<li>25\/09: 11:30 h \u2013 14:00 h<\/li>\n<li>26\/09: 13:00 h \u2013 15:00 h<\/li>\n<li>27\/09: 10:00 h \u2013 13:00 h<\/li>\n<li>30\/09: 11:30 h a 14:00 h<\/li>\n<\/ul>\n<h4>INAUGURACI\u00d3 DEL CURS 2024-2025<\/h4>\n<h6><strong>DIJOUS, \u00a031 D&#8217;OCTUBRE \u00a0DE 2024<\/strong><\/h6>\n<ul>\n<li>12 h. Sala d&#8217;Actes de la Facultat de Filosofia i Lletres de la UAB<br \/>\nConfer\u00e8ncia de <strong>Pau Monterde <\/strong>: &#8220;Quan el dramaturg \u00e9s el compositor&#8221;<\/li>\n<\/ul>\n<h4>CURS ACAD\u00c8MIC 2024-2025<\/h4>\n<h6><strong>PRIMER SEMESTRE<\/strong><\/h6>\n<ul style=\"list-style-type: circle;\">\n<li>44815 Metodologies d\u2019An\u00e0lisi i Investigaci\u00f3: Text Dram\u00e0tic i Actuaci\u00f3 Performativa, 6cr, dilluns, UAB\/IT<\/li>\n<li>44816 Teoria i Hist\u00f2ria de la Representaci\u00f3, 6cr, dimecres, UAB\/IT<\/li>\n<li>44817 Estructures i Procediments de la Dramat\u00fargia Contempor\u00e0nia, 6cr, divendres, IT<\/li>\n<li>44818 Disseny Esc\u00e8nic, 6cr, dimarts, IT<\/li>\n<li>44819 Teoria i Pr\u00e0ctica de la Recepci\u00f3 Teatral, 6cr, dijous, UAB<\/li>\n<\/ul>\n<div align=\"center\">\n<table style=\"width: 770px; height: 101px; border: 1px solid #660033;\" border=\"1\" cellspacing=\"5\" cellpadding=\"5\" align=\"center\">\n<tbody>\n<tr style=\"background-color: #ffffff;\" align=\"center\">\n<td style=\"text-align: center; background-color: #f3f3f3; border: 1px solid #f3f3f3;\"><\/td>\n<td style=\"background-color: #a9a9a9; border: 1px solid #fffafa;\">\n<h6><span style=\"color: #800000;\"><strong>Dilluns<\/strong><\/span><\/h6>\n<\/td>\n<td style=\"background-color: #a9a9a9; border: 1px solid #fffafa;\">\n<h6><span style=\"color: #800000;\"><strong>Dimarts<\/strong><\/span><\/h6>\n<\/td>\n<td style=\"background-color: #a9a9a9; border: 1px solid #fffafa;\">\n<h6><span style=\"color: #800000;\"><strong>Dimecres<\/strong><\/span><\/h6>\n<\/td>\n<td style=\"background-color: #a9a9a9; border: 1px solid #fffafa;\">\n<h6><span style=\"color: #800000;\"><strong>Dijous<\/strong><\/span><\/h6>\n<\/td>\n<td style=\"background-color: #a9a9a9; border: 1px solid #fffafa;\">\n<h6><span style=\"color: #800000;\"><strong>Divendres<\/strong><\/span><\/h6>\n<\/td>\n<\/tr>\n<tr>\n<td style=\"background-color: #a9a9a9; border: 1px solid #fffafa;\">\n<h6><span style=\"color: #800000;\">16.00-19.00<\/span><\/h6>\n<\/td>\n<td style=\"background-color: #a9a9a9; border: 1px solid #fffafa;\"><span style=\"color: #ffffff;\"> 44815 (UAB, IT)<\/span><\/td>\n<td style=\"background-color: #a9a9a9; border: 1px solid #fffafa;\"><span style=\"color: #ffffff;\">44818 (IT)<\/span><\/td>\n<td style=\"background-color: #a9a9a9; border: 1px solid #fffafa;\"><span style=\"color: #ffffff;\"> 44816 (UAB, IT)<\/span><\/td>\n<td style=\"background-color: #a9a9a9; border: 1px solid #fffafa;\"><span style=\"color: #ffffff;\">44819 (UAB)<\/span><\/td>\n<td style=\"background-color: #a9a9a9; border: 1px solid #fffafa;\"><span style=\"color: #ffffff;\">44817 (IT)<br \/>\n<\/span><\/td>\n<\/tr>\n<\/tbody>\n<\/table>\n<\/div>\n<p>&nbsp;<\/p>\n<h6><strong>SEGON SEMESTRE<\/strong><\/h6>\n<ul style=\"list-style-type: circle;\">\n<li>44820 L\u2019Escena Expandida: Di\u00e0legs entre les Arts, 6cr, dimecres, UAB<\/li>\n<li>44821 Laboratori de Dramat\u00fargia I, 6cr, dimarts, IT<\/li>\n<li>44822 Laboratori de Dramat\u00fargia II, 6cr, dimarts, IT<\/li>\n<li>44823 Laboratori de Direcci\u00f3 d\u2019Actors i d\u2019Escenificaci\u00f3 I, 6cr, dijous, IT<\/li>\n<li>44824 Laboratori de Direcci\u00f3 d\u2019Actors i d\u2019Escenificaci\u00f3 II, 6cr, dijous, IT<\/li>\n<li>44825 Metodologia de la Recerca de la Dansa, 6cr, dilluns, IT<\/li>\n<li>44826 Pr\u00e0cticum, 6cr, sense horari reglat<\/li>\n<li>44827 Treball Final de M\u00e0ster, 12cr, sense horari reglat<\/li>\n<\/ul>\n<div align=\"center\">\n<table style=\"width: 770px; height: 101px; border: 1px solid #660033;\" border=\"1\" cellspacing=\"5\" cellpadding=\"5\" align=\"center\">\n<tbody>\n<tr style=\"background-color: #ffffff;\" align=\"center\">\n<td style=\"text-align: center; background-color: #f3f3f3; border: 1px solid #f3f3f3;\"><\/td>\n<td style=\"background-color: #a9a9a9; border: 1px solid #fffafa;\">\n<h6><span style=\"color: #800000;\"><strong>Dilluns<\/strong><\/span><\/h6>\n<\/td>\n<td style=\"background-color: #a9a9a9; border: 1px solid #fffafa;\">\n<h6><span style=\"color: #800000;\"><strong>Dimarts<\/strong><\/span><\/h6>\n<\/td>\n<td style=\"background-color: #a9a9a9; border: 1px solid #fffafa;\">\n<h6><span style=\"color: #800000;\"><strong>Dimecres<\/strong><\/span><\/h6>\n<\/td>\n<td style=\"background-color: #a9a9a9; border: 1px solid #fffafa;\">\n<h6><span style=\"color: #800000;\"><strong>Dijous<\/strong><\/span><\/h6>\n<\/td>\n<td style=\"background-color: #a9a9a9; border: 1px solid #fffafa;\">\n<h6><span style=\"color: #800000;\"><strong>Divendres<\/strong><\/span><\/h6>\n<\/td>\n<\/tr>\n<tr>\n<td style=\"background-color: #a9a9a9; border: 1px solid #fffafa;\">\n<h6><span style=\"color: #800000;\">16.00-19.00<\/span><\/h6>\n<\/td>\n<td style=\"background-color: #a9a9a9; border: 1px solid #fffafa;\"><span style=\"color: #ffffff;\"> 44825 (IT)<\/span><\/td>\n<td style=\"background-color: #a9a9a9; border: 1px solid #fffafa;\"><span style=\"color: #ffffff;\">44821 (IT)<br \/>\n44822 (IT)<\/span><\/td>\n<td style=\"background-color: #a9a9a9; border: 1px solid #fffafa;\"><span style=\"color: #ffffff;\"> 44820 (UAB)<\/span><\/td>\n<td style=\"background-color: #a9a9a9; border: 1px solid #fffafa;\"><span style=\"color: #ffffff;\">44823<\/span><span style=\"color: #ffffff;\"> (IT)<br \/>\n44824 (IT)<\/span><\/td>\n<td style=\"background-color: #a9a9a9; border: 1px solid #fffafa;\"><span style=\"color: #ffffff;\">Activitats complement\u00e0ries<br \/>\nRecuperaci\u00f3 de classes, si cal<br \/>\n<\/span><\/td>\n<\/tr>\n<\/tbody>\n<\/table>\n<\/div>\n<p>&nbsp;<\/p>\n<h4>44815 Metodologies d\u2019An\u00e0lisi i Investigaci\u00f3: Text Dram\u00e0tic i Actuaci\u00f3 Performativa &#8211; Coordinaci\u00f3 Francesc Foguet<\/h4>\n<ul>\n<li>N\u00faria Santamaria, 7, 14 i 21 d&#8217;octubre. UAB.<\/li>\n<li>Francesc Foguet, 28 d\u2019octubre; 4 i 11 de novembre. UAB.<\/li>\n<li>Llu\u00eds Masgrau, 18 i 25 de novembre; 2, 9 i 16 de desembre; 13 de gener. IT.<\/li>\n<\/ul>\n<h4>44816 Teoria i Hist\u00f2ria de la Representaci\u00f3 &#8211; Coordinaci\u00f3 Anna Corral<\/h4>\n<ul>\n<li>Christine Schmutz: 2 d\u2019octubre; 4, 11 i 18 de desembre. IT.<\/li>\n<li>Anna Corral: 9 d\u2019octubre; 6, 13 i 20 de novembre. UAB.<\/li>\n<li>Jordi Jan\u00e9: 16, 23 i 30 d\u2019octubre; 27 de novembre. UAB.<\/li>\n<\/ul>\n<h4>44817 Estructures i Procediments de la Dramat\u00fargia Contempor\u00e0nia &#8211; Coordinaci\u00f3 Davide Carnevali<\/h4>\n<ul>\n<li>Merc\u00e8 Saumell: 8, 15, 22 i 29 de novembre; 13 de desembre. IT.<\/li>\n<li>Davide Carnevali: 10, 17, 22, 24 i 31 de gener. IT<\/li>\n<\/ul>\n<h4>44818 Disseny Esc\u00e8nic &#8211; Coordinaci\u00f3 Anna Solanilla<\/h4>\n<ul>\n<li>Marta Rafa: 1, 8, 15, 22 d\u2019octubre. IT<\/li>\n<li>Anna Solanilla: 29 d\u2019octubre; 5, 12 i 19 de novembre. IT<\/li>\n<li>A determinar: 26 de novembre; 3, 10 i 17 de desembre. IT<\/li>\n<\/ul>\n<h4>44819 Teoria i Pr\u00e0ctica de la Recepci\u00f3 Teatral &#8211; Coordinaci\u00f3 N\u00faria Santamaria<\/h4>\n<ul>\n<li>Francesc Foguet: 3, 10, 17, 24 i 31 d&#8217;octubre; 7 de novembre. UAB.<\/li>\n<li>N\u00faria Santamaria: 14, 21 i 28 de novembre; 5, 12 i 19 de desembre. UAB.<\/li>\n<\/ul>\n<h4>44820 L\u2019Escena Expandida &#8211; Coordinador Jordi Jan\u00e9<\/h4>\n<ul>\n<li>Anna Corral: 12 i 19 de febrer. UAB<\/li>\n<li>Jordi Jan\u00e9: 26 de febrer i 5 de mar\u00e7. UAB<\/li>\n<li>N\u00faria Llorens: 12, 19 i 26 de mar\u00e7; \u00a02 d\u2019abril. UAB<\/li>\n<li>Francesc Cort\u00e8s: 9, 23 i 30 d\u2019abril; 7 de maig. UAB<\/li>\n<\/ul>\n<h4>44821 Laboratori de Dramat\u00fargia I &#8211; Coordinadora Beth Escud\u00e9<\/h4>\n<ul>\n<li>Beth Escud\u00e9: 11, 18 i 25 de febrer; 4 i 11 de mar\u00e7. IT<\/li>\n<li>Vict\u00f2ria Szpunberg: 14, 21 i 28 de febrer; 18 i 25 de mar\u00e7. IT<\/li>\n<\/ul>\n<h4>44822 Laboratori de Dramat\u00fargia II &#8211; Coordinador Carles Batlle<\/h4>\n<ul>\n<li>Carles Batlle: 11, 18 i 25 de febrer; 4, 11, 18 i 25 de mar\u00e7; 1, 8 i 22 d\u2019abril. IT<\/li>\n<\/ul>\n<h4>44823 Laboratori de Direcci\u00f3 d\u2019Actors i d\u2019Escenificaci\u00f3 I &#8211; Coordinadora Gl\u00f2ria Bala\u00f1\u00e0<\/h4>\n<ul>\n<li>Gl\u00f2ria Bala\u00f1\u00e0: 13, 20 i 27 de febrer; 6, 13, 20 i 27 de mar\u00e7; 3, 10 i 24 d\u2019abril. IT.<\/li>\n<\/ul>\n<h4>44824 Laboratori de Direcci\u00f3 d\u2019Actors i d\u2019Escenificaci\u00f3 II &#8211; Coordinador Ramon Sim\u00f3<\/h4>\n<ul>\n<li>Ramon Sim\u00f3: 13, 20 i 27 de febrer; 6, 13, 20 i 27 de mar\u00e7; 3, 10 i 24 d\u2019abril, IT.<\/li>\n<\/ul>\n<h4>44825 Metodologia de la Recerca de la Dansa &#8211; Coordinador Roberto Fratini<\/h4>\n<ul>\n<li>Ester Vendrell: 10, 17 i 24 febrer; 3 i 10 de mar\u00e7. IT<\/li>\n<li>Roberto Fratini: 17, 24 i 31 de mar\u00e7; 7 i 28 d\u2019abril. IT<\/li>\n<\/ul>\n<h4>44826 Pr\u00e0cticum &#8211; Coordinadora: Carlota Subir\u00f3s<\/h4>\n<ul>\n<li>Pendent confirmaci\u00f3 calendari acad\u00e8mic oficial<\/li>\n<\/ul>\n<h4>44827 Treball Final de M\u00e0ster &#8211; Coordinadora: N\u00faria Santamaria<\/h4>\n<ul>\n<li>11 d\u2019octubre (10:00h \u2013 12:00 h)<br \/>\nSessi\u00f3 de presentaci\u00f3: primeres indicacions sobre el TFM<br \/>\nAula 204 de la Facultat de Filosofia i Lletres de la UAB<\/li>\n<li>21 d\u2019octubre<br \/>\nLliurament a la coordinadora d\u2019una primera proposta<\/li>\n<li>4 de novembre<br \/>\nAssignaci\u00f3 de tutors<\/li>\n<li>24 de novembre<br \/>\nLliurament d\u2019una proposta definitiva a la coordinadora i al tutor\/a assignat\/da<\/li>\n<li>24 de gener<br \/>\nSeminari presencial<\/li>\n<li>2 de juny<br \/>\nLliurament d\u2019una versi\u00f3 \u00edntegra del TFM al tutor\/a<\/li>\n<li>24 de juny<br \/>\nLliurament de la versi\u00f3 definitiva a la coordinadora i a la UISAD<\/li>\n<li>1 de juliol<br \/>\nComunicaci\u00f3 de la configuraci\u00f3 dels tribunals<\/li>\n<li>2 de juliol<br \/>\nLliurament a la resta del tribunal<\/li>\n<li>14 de juliol<br \/>\nDefensa p\u00fablica dels TFMs a la Facultat de filosofia i Lletres de la UAB<\/li>\n<\/ul>\n","protected":false},"excerpt":{"rendered":"<p>Calendari i horaris. Curs 2024-2025 INICI DE CLASSES 1r semestre: 1 D&#8217;OCTUBRE DE \u00a02024 2n semestre: 10 de febrer de 2025 ENTREVISTES PER A L&#8217;ASSIGNATURA DE PRACTICUM 20, 23 i 24 DE SETEMBRE DE 2024 Entrevistes personalitzades, en format virtual, per als estudiants que vulguin optar a matricular-se al m\u00f2dul de Pr\u00e0ctiques externes.\u00a0At\u00e8s que nom\u00e9s [&hellip;]<\/p>\n","protected":false},"author":3,"featured_media":0,"parent":0,"menu_order":0,"comment_status":"closed","ping_status":"closed","template":"","meta":{"_et_pb_use_builder":"","_et_pb_old_content":"","_et_gb_content_width":"","footnotes":""},"class_list":["post-3025","page","type-page","status-publish","hentry"],"_links":{"self":[{"href":"https:\/\/masters.filescat.uab.cat\/muet\/wp-json\/wp\/v2\/pages\/3025","targetHints":{"allow":["GET"]}}],"collection":[{"href":"https:\/\/masters.filescat.uab.cat\/muet\/wp-json\/wp\/v2\/pages"}],"about":[{"href":"https:\/\/masters.filescat.uab.cat\/muet\/wp-json\/wp\/v2\/types\/page"}],"author":[{"embeddable":true,"href":"https:\/\/masters.filescat.uab.cat\/muet\/wp-json\/wp\/v2\/users\/3"}],"replies":[{"embeddable":true,"href":"https:\/\/masters.filescat.uab.cat\/muet\/wp-json\/wp\/v2\/comments?post=3025"}],"version-history":[{"count":16,"href":"https:\/\/masters.filescat.uab.cat\/muet\/wp-json\/wp\/v2\/pages\/3025\/revisions"}],"predecessor-version":[{"id":3120,"href":"https:\/\/masters.filescat.uab.cat\/muet\/wp-json\/wp\/v2\/pages\/3025\/revisions\/3120"}],"wp:attachment":[{"href":"https:\/\/masters.filescat.uab.cat\/muet\/wp-json\/wp\/v2\/media?parent=3025"}],"curies":[{"name":"wp","href":"https:\/\/api.w.org\/{rel}","templated":true}]}}