{"id":108,"date":"2013-03-01T15:36:33","date_gmt":"2013-03-01T15:36:33","guid":{"rendered":"http:\/\/masters.filescat.uab.catwebs\/portal\/muet\/?page_id=108"},"modified":"2023-07-14T10:28:54","modified_gmt":"2023-07-14T09:28:54","slug":"faq-preguntes-frequents","status":"publish","type":"page","link":"https:\/\/masters.filescat.uab.cat\/muet\/faq-preguntes-frequents\/","title":{"rendered":"FAQ (preguntes freq\u00fcents)"},"content":{"rendered":"<h3>CONTINGUTS<\/h3>\n<h4>1.\u00a0El contingut pr\u00e0ctic del MUET em permetr\u00e0 desenvolupar els meus propis projectes creatius?<\/h4>\n<p>El MUET est\u00e0 ideat per afavorir sobretot la reflexi\u00f3 te\u00f2rica i per facilitar eines per a l\u2019an\u00e0lisi i l\u2019estudi del teatre. Les pr\u00e0ctiques s\u00f3n, en aquest sentit, un complement dels aspectes te\u00f2rics que es tracten.<\/p>\n<h4>2. El MUET permet l\u2019acc\u00e9s als Estudis de Doctorat?<\/h4>\n<p>Els m\u00e0sters s\u00f3n la via ordin\u00e0ria d&#8217;acc\u00e9s al doctorat. L&#8217;acc\u00e9s als estudis de doctorat requereix l&#8217;obtenci\u00f3 pr\u00e8via del t\u00edtol de m\u00e0ster de recerca o la superaci\u00f3 de 60 cr\u00e8dits en programes oficials de postgrau. En qualsevol cas, l&#8217;estudiant haur\u00e0 d&#8217;haver completat un m\u00ednim de 300 cr\u00e8dits entre els estudis de grau i de postgrau per accedir a un programa de doctorat.<\/p>\n<h3>TEMPS I DEDICACI\u00d3<\/h3>\n<h4>1. On s\u2019imparteixen les classes?<\/h4>\n<p>El MUET \u00e9s un m\u00e0ster interuniversitari, per tant, les classes s\u2019imparteixen en els centres que estan implicats en la seva organitzaci\u00f3: la UAB (Facultat de Filosofia i Lletres) i l\u2019ITB.<\/p>\n<h4>2. Quant de temps setmanal s\u2019estima que l\u2019estudiant ha d\u2019invertir en el curs?<\/h4>\n<p>La mitjana de dedicaci\u00f3, si l\u2019estudiant es matricula de tots els cr\u00e8dits del m\u00e0ster, \u00e9s d\u2019entre 25 a 30 hores.<\/p>\n<h4>3. Es pot compaginar amb un treball?<\/h4>\n<p>El MUET \u00e9s un m\u00e0ster presencial que exigeix una assist\u00e8ncia regular i ass\u00eddua a les classes. La concentraci\u00f3 de les classes en franges hor\u00e0ries, preferentment a la tarda, permet la combinaci\u00f3 amb les obligacions laborals que no hi coincideixin. D\u2019altra banda, cal tenir en compte que el m\u00e0ster es pot cursar en dos anys.<\/p>\n<h4>4. Puc incorporar-me al programa a partir del segon semestre?<\/h4>\n<p>En principi no hi ha impediments administratius per incorporar-se al MUET a partir del mes de febrer, sempre que els tr\u00e0mits de matriculaci\u00f3 s\u2019hagin completat en els terminis establerts (mes de setembre). Tanmateix, l\u2019actual distribuci\u00f3 de m\u00f2duls desaconsella aquesta possibilitat.<\/p>\n<h3>METODOLOGIA<\/h3>\n<h4>1. Hi ha ex\u00e0mens o treballs?<\/h4>\n<p>L\u2019avaluaci\u00f3 dels diferents m\u00f2duls del m\u00e0ster estableixen criteris una mica distints d\u2019avaluaci\u00f3, per b\u00e9 que en tots els casos es contempla: la participaci\u00f3 activa de l\u2019estudiant a les classes i l\u2019acompliment dels exercicis proposats.<\/p>\n<h4>2. En quins idiomes es treballa?<\/h4>\n<p>Els idiomes en qu\u00e8 s\u2019imparteixen les classes s\u00f3n el catal\u00e0 (75%) i l\u2019espanyol (20%). En el cas dels professors visitants, les lleng\u00fces habituals solen ser el franc\u00e8s o l\u2019angl\u00e8s, per b\u00e9 que es facilita servei de traducci\u00f3 simult\u00e0nia en la majoria de casos.<\/p>\n<h3>PREINSCRIPCI\u00d3\/ADMISSI\u00d3<\/h3>\n<h4>1. Quan puc demanar pla\u00e7a per ser adm\u00e8s al MUET?<\/h4>\n<p>Les preinscripcions depenen de la Gesti\u00f3 Acad\u00e8mica de la Facultat de Lletres de la UAB. L\u2019aplicatiu per formalitzar la preinscripci\u00f3 en l\u00ednia sol activar-se\u00a0 a mitjan febrer. \u00a0Consulteu l\u2019apartat de &#8220;Preinscripci\u00f3&#8221; per con\u00e8ixer la documentaci\u00f3 que cal aportar.<\/p>\n<h4>2. Puc inscriure\u2019m a m\u00e9s d\u2019un M\u00e0ster?<\/h4>\n<p>No.<\/p>\n<h4>3. Quina titulaci\u00f3 m\u00ednima he de tenir per poder accedir al MUET?<\/h4>\n<p>Per sol\u00b7licitar l\u2019admissi\u00f3 cal acreditar un t\u00edtol universitari oficial de llicenciatura o equivalent. Es pot formalitzar la preinscripci\u00f3 durant el darrer any d\u2019estudis, per\u00f2 nom\u00e9s es podr\u00e0 formalitzar la matr\u00edcula si s\u2019han superat tots els cr\u00e8dits del pla d\u2019estudis dels estudis de proced\u00e8ncia.<\/p>\n<h4>4. S\u2019ha de pagar alguna cosa per fer la preinscripci\u00f3?<\/h4>\n<p>S\u00ed: 30\u20ac, no reemborsables.<\/p>\n<h4>5. Com puc con\u00e8ixer els criteris d\u2019admissi\u00f3?<\/h4>\n<p>Estan detallats al<strong><em> <a href=\"http:\/\/masters.filescat.uab.cat\/muet\/index.php\/perfil-dingres\/\" target=\"_blank\" rel=\"noopener\">Perfil d\u2019ingr\u00e9s<\/a><\/em><\/strong> de la p\u00e0gina del MUET.<\/p>\n<h4>6. Qui resol l\u2019admissi\u00f3 al MUET?<\/h4>\n<p>La comissi\u00f3 d\u2019admissi\u00f3, configurada pel coordinador i els sotscoordinadors del MUET.<\/p>\n<h4>7. Com i quan puc saber si he estat adm\u00e8s?<\/h4>\n<p>La Gesti\u00f3 Acad\u00e8mica publica les Resolucions d&#8217;admissi\u00f3 a la seva p\u00e0gina aix\u00ed que estan signades per les autoritats acad\u00e8miques pertinents i fa arribar als interessats la notificaci\u00f3 corresponent.<\/p>\n<h4>8.\u00a0\u00a0Si actualment estic cursant un programa de doctorat, puc passar al nou m\u00e0ster oficial?<\/h4>\n<p>S\u00ed, s&#8217;ha previst un procediment d&#8217;equiparacions per a aquest cas. Consulteu-ne el proc\u00e9s <strong><a href=\"http:\/\/filcat.uab.cat\/docencia\/documents\/EstudisTeatrals_canvipla.pdf\" target=\"_blank\" rel=\"noopener\">en aquest enlla\u00e7<\/a><\/strong>.<\/p>\n<h3>\u00a0TITULACIONS ESTRANGERES<\/h3>\n<h4>1. Quina titulaci\u00f3 he de tenir per accedir al MUET?<\/h4>\n<p>La persona que hagi cursat estudis superiors a l\u2019estranger nom\u00e9s pot accedir al MUET en els seg\u00fcents casos:<\/p>\n<ol style=\"list-style-type: lower-alpha;\">\n<li>Ha obtingut l\u2019homologaci\u00f3 per part del Ministerio de Educaci\u00f3n y Ciencia a un t\u00edtol espanyol que permeti matricular-se en postgraus oficials.<\/li>\n<li>Els titulats per una instituci\u00f3 superior a l\u2019Espai Europeu d\u2019Educaci\u00f3 Superior (EEES), si el t\u00edtol obtingut \u00e9s equivalent\u00a0 als exigits per a ingressar al MUET.<\/li>\n<li>Els titulats per una instituci\u00f3 de fora l\u2019EEES, si es comprova que el t\u00edtol obtingut, els permet accedir als estudis de postgrau oficials al seu pa\u00eds de proced\u00e8ncia i acrediten un nivell de formaci\u00f3 suficient per ser adm\u00e8s al MUET. L&#8217;acc\u00e9s per aquesta via\u00a0no significa\u00a0el reconeixement ni l&#8217;homologaci\u00f3 del t\u00edtol previ, per\u00f2 un cop superats els estudis, el t\u00edtol de m\u00e0ster que s&#8217;obtingui s\u00ed que tindr\u00e0 plena validesa oficial<\/li>\n<\/ol>\n<h4>2. Quins documents s\u2019han de legalitzar?<\/h4>\n<p>La documentaci\u00f3 referent al t\u00edtol i al certificat acad\u00e8mic ha de ser oficial i estar expedida per les autoritats competents. Cal adjuntar-hi, si s\u2019escau, la corresponent traducci\u00f3 al catal\u00e0, al castell\u00e0 o a l&#8217;angl\u00e8s efectuada per un traductor jurat.<\/p>\n<p>Titulacions impartides en universitats de pa\u00efsos extracomunitaris: la documentaci\u00f3 referent al t\u00edtol i al certificat acad\u00e8mic ha de ser oficial, estar expedida per les autoritats competents, i ha d&#8217;estar legalitzada per via diplom\u00e0tica. Cal adjuntar-hi, si s\u2019escau, la corresponent traducci\u00f3 al catal\u00e0<\/p>\n<p>Titulacions impartides en universitats de pa\u00efsos de la Uni\u00f3 Europea,\u00a0\u00a0al castell\u00e0 o a l&#8217;angl\u00e8s\u00a0efectuada per un traductor jurat.<\/p>\n<p>La presentaci\u00f3 de la documentaci\u00f3 requerida \u00e9s condici\u00f3 imprescindible per a dur a terme la gesti\u00f3 de l&#8217;expedient acad\u00e8mic, per a formalitzar una nova matr\u00edcula o modificar la matr\u00edcula i\/o per a sol\u00b7licitar qualsevol servei acad\u00e8mic (certificats, t\u00edtols, trasllats d&#8217;expedient, etc.).<\/p>\n<h4>3. Com es legalitzen els documents?<\/h4>\n<p>Es poden consultar els procediments al\u00a0<a href=\"http:\/\/www.mecd.gob.es\/educacion\/universidades\/educacion-superior-universitaria\/titulos\/legalizacion.html\" target=\"_blank\" rel=\"noopener\">web del Ministeri de Ci\u00e8ncia i Innovaci\u00f3<\/a>.<\/p>\n<h3>MATR\u00cdCULA<\/h3>\n<h4>1. On haig de formalitzar la matr\u00edcula?<\/h4>\n<p>At\u00e8s que la universitat coordinadora \u00e9s la UAB, la matr\u00edcula s\u2019ha de realitzar presencialment a la Gesti\u00f3 Acad\u00e8mica de la Facultat de Lletres de l\u2019Aut\u00f2noma.<\/p>\n<h4>2. Quan em puc matricular?<\/h4>\n<p>Les dates de la matriculaci\u00f3 les fixa la Gesti\u00f3 Acad\u00e8mica i varien cada curs, l\u2019essencial \u00e9s assistir pr\u00e8viament a la sessi\u00f3 de tutories que convoca la coordinaci\u00f3 del MUET per obtenir una orientaci\u00f3 acad\u00e8mica personalitzada i el vistiplau del coordinador principal \u2013la signatura&#8211; en el full de sol\u00b7licitud de matr\u00edcula. Recordeu que cal portar els originals de tots els documents\u00a0 que us siguin requerits (vegeu-ne la relaci\u00f3 que es consigna a la p\u00e0gina de la <strong><a href=\"http:\/\/www.uab.cat\/servlet\/Satellite\/informacio-academica-dels-masters-oficials\/documentacio-per-a-la-matricula-1295939744290.html\" target=\"_blank\" rel=\"noopener\">Gesti\u00f3 acad\u00e8mica<\/a><\/strong>).<\/p>\n<h4>3. Si he estat acceptat i no em matriculo, perdo la pla\u00e7a?<\/h4>\n<p>S\u00ed. La pla\u00e7a ser\u00e0 assignada al sol\u00b7licitant que encap\u00e7ali la llista d\u2019espera.<\/p>\n<h4>4. Quin \u00e9s el n\u00famero m\u00e0xim i m\u00ednim de cr\u00e8dits dels que puc matricular-me en un curs?<\/h4>\n<p>El n\u00famero m\u00e0xim s\u00f3n els 60 cr\u00e8dits que constitueixen cada una de les especialitats del\u00a0 MUET, el n\u00famero m\u00ednim s\u00f3n 30 cr\u00e8dits. En els casos que s&#8217;estimi necessari, l&#8217;estudiant pot haver de cursar cr\u00e8dits complementaris de formaci\u00f3.<\/p>\n<h4>5. Com es realitza el\u00a0 pagament?<\/h4>\n<p>La forma m\u00e9s habitual \u00e9s la domiciliaci\u00f3 banc\u00e0ria, per\u00f2 hi ha d\u2019altres modalitats que es poden consultar directament a la Gesti\u00f3 Acad\u00e8mica.<\/p>\n<h4>6. Hi ha la possibilitat de sol\u00b7licitar beques o ajuts?<\/h4>\n<p>Tota la informaci\u00f3 sobre ajuts econ\u00f2mics per a estudis de postgrau est\u00e0 publicada al web de la UAB, en l&#8217;apartat de <a href=\"http:\/\/www.uab.cat\/servlet\/Satellite\/estudiar\/beques-d-estudi-1086628076426.html\" target=\"_blank\" rel=\"noopener\"><strong>Beques d&#8217;estudi<\/strong><\/a>.<\/p>\n<h4>7. On haig d\u2019acudir per assessorar-me sobre els tr\u00e0mits de resid\u00e8ncia, visats i beques internacionals?<\/h4>\n<p>A l\u2019<a href=\"http:\/\/www.uab.es\/servlet\/Satellite\/estudiantes-internacionales\/movilidad-e-intercambio\/international-welcome-point-1259046571032.html\" target=\"_blank\" rel=\"noopener\"><strong>International Welcome Point<\/strong><\/a>\u00a0de la Pla\u00e7a C\u00edvica al Campus de la UAB.<\/p>\n<h3>\u00a0Q\u00dcESTIONS ACAD\u00c8MIQUES<\/h3>\n<h4>1. Quan s\u2019inicia l\u2019activitat acad\u00e8mica?<\/h4>\n<p>Les classes del MUET solen comen\u00e7ar la primera setmana d\u2019octubre, per\u00f2 durant la darrera setmana de setembre es convoca la sessi\u00f3 de tutories, es realitzen reunions informatives i se celebra la inauguraci\u00f3 del curs amb la lli\u00e7\u00f3 inaugural d\u2019un professor convidat. Consulteu el calendari del web.<\/p>\n<h4>2. Com s\u2019organitzen els per\u00edodes lectius del curs?<\/h4>\n<p>Pel que afecta a les classes, el primer quadrimestre va d\u2019octubre a gener i el segon quadrimestre de febrer a maig.\u00a0 No obstant aix\u00f2, el lliurament del treball de recerca i es pot allargar fins a mitjan\u00a0 juliol. Per con\u00e8ixer els per\u00edodes vacacionals, consulteu el\u00a0calendari acad\u00e8mic de la Facultat de Lletres.<\/p>\n<h4>3. Quantes convocat\u00f2ries hi ha?<\/h4>\n<p>Els m\u00e0sters oficials tenen una sola convocat\u00f2ria: els m\u00f2duls del primer quadrimestre s\u2019avaluen i es qualifiquen a les primeries de febrer, i el m\u00f2dul te\u00f2ric del segon quadrimestre s\u2019avalua i es qualifica a les primeries de juny. La defensa dels treballs de recerca i la presentaci\u00f3 de les mem\u00f2ries de pr\u00e0ctiques es pot ajornar fins a les primeries de setembre, tot i que el lliurament es realitza abans de les vacances d\u2019estiu.<\/p>\n<h4>4. Qu\u00e8 passa si suspenc un m\u00f2dul o no puc presentar-me a l\u2019avaluaci\u00f3?<\/h4>\n<p>En el cas que es produeixi alguna incid\u00e8ncia que impedeixi l\u2019avaluaci\u00f3, a l\u2019acta hi apareixer\u00e0 un NP (No Presentat); si l\u2019estudiant no arribi als m\u00ednims exigits obtindr\u00e0 un S (Suspens amb un valor num\u00e8ric assignat que pot anar de 4\u201999 a 0). En ambd\u00f3s casos, caldr\u00e0 que es matriculi el curs seg\u00fcent d\u2019aquell mateix m\u00f2dul\u00a0 i miri d\u2019aprovar-lo.<\/p>\n<h4>5. \u00c9s obligat\u00f2ria l\u2019assist\u00e8ncia a les classes?<\/h4>\n<p>S\u00ed. El MUET \u00e9s un m\u00e0ster presencial i requereix l\u2019assist\u00e8ncia regular i continuada dels seus estudiants perqu\u00e8 siguin avaluats.<\/p>\n<h4>6. \u00c9s possible assistir d\u2019oients a les classes d\u2019altres m\u00f2duls?<\/h4>\n<p>Totes les activitats obertes es comuniquen puntualment a trav\u00e9s del web o del campus virtual. L\u2019assist\u00e8ncia a les classes d\u2019un m\u00f2dul en el qual no s\u2019hi est\u00e0 matriculat requereix un pagament previ a la Gesti\u00f3 Acad\u00e8mica.<\/p>\n<h4>7. \u00c9s imprescindible tenir acc\u00e9s al campus virtual?<\/h4>\n<p>S\u00ed. Un cop formalitzada la matr\u00edcula, cada estudiant obt\u00e9 un NIU (n\u00famero d\u2019identificaci\u00f3 universit\u00e0ria). Amb aquest n\u00famero, personal i intransferible, podr\u00e0 crear la seva adre\u00e7a en el domini institucional de la UAB i accedir al material addicional que els professors\u00a0 divulguen a trav\u00e9s del campus virtual. D\u2019altra banda, la comunicaci\u00f3 entre estudiants i personal docent sempre es realitza a trav\u00e9s del correu institucional i no d\u2019adreces particulars.<\/p>\n<h4>8. A quines biblioteques puc tenir acc\u00e9s?<\/h4>\n<p>At\u00e8s que hi ha un conveni que oficialitza els acords acad\u00e8mics entre totes les institucions que participen en el MUET, l\u2019estudiant pot tenir acc\u00e9s als serveis de les Biblioteques de la UAB, la UPC i l\u2019Institut del Teatre. Per a les biblioteques que no pertanyen a la universitat coordinadora, caldr\u00e0 presentar el full de matr\u00edcula que l\u2019acrediti com a estudiant del MUET.<\/p>\n<h3>ALTRES SERVEIS<\/h3>\n<h4>1. En la matr\u00edcula est\u00e0 inclosa una asseguran\u00e7a m\u00e8dica?<\/h4>\n<p>S\u00ed.<\/p>\n<h4>2. Com es pot trobar informaci\u00f3 sobre allotjament?<\/h4>\n<p>La UAB est\u00e0 dotada d\u2019una\u00a0<a href=\"http:\/\/www.uab.cat\/vilauniversitaria\/\" target=\"_blank\" rel=\"noopener\"><strong>vila universit\u00e0ria<\/strong><\/a>\u00a0que ofereix la possibilitat d\u2019obtenir-hi\u00a0 resid\u00e8ncia\u00a0 durant el curs. D\u2019altra banda, la p\u00e0gina de<a href=\"http:\/\/www.uab.cat\/servlet\/Satellite\/viure\/altres-opcions-d-allotjament-1087552537573.html\" target=\"_blank\" rel=\"noopener\"><strong>\u00a0Serveis de la UAB<\/strong><\/a>, tamb\u00e9 ofereix altres opcions.<\/p>\n<h4>3. Hi ha possibilitat d\u2019aprendre catal\u00e0 durant el curs?<\/h4>\n<p>S\u00ed. El<a href=\"http:\/\/www.uab.es\/servei-llengues\/\" target=\"_blank\" rel=\"noopener\"><strong>\u00a0Servei de Lleng\u00fces<\/strong><\/a>\u00a0de la UAB ofereix cursos de catal\u00e0 subvencionats per als estudiants estrangers.<\/p>\n<h4>4. Quins altres serveis ofereix la UAB a l\u2019estudiant?<\/h4>\n<p>Consulteu la p\u00e0gina institucional sobre la<a href=\"http:\/\/www.uab.es\/servlet\/Satellite\/Viure-1086256916855.html\" target=\"_blank\" rel=\"noopener\"><strong>\u00a0vida al campus<\/strong><\/a>.<\/p>\n","protected":false},"excerpt":{"rendered":"<p>CONTINGUTS 1.\u00a0El contingut pr\u00e0ctic del MUET em permetr\u00e0 desenvolupar els meus propis projectes creatius? El MUET est\u00e0 ideat per afavorir sobretot la reflexi\u00f3 te\u00f2rica i per facilitar eines per a l\u2019an\u00e0lisi i l\u2019estudi del teatre. Les pr\u00e0ctiques s\u00f3n, en aquest sentit, un complement dels aspectes te\u00f2rics que es tracten. 2. El MUET permet l\u2019acc\u00e9s als [&hellip;]<\/p>\n","protected":false},"author":1,"featured_media":0,"parent":0,"menu_order":0,"comment_status":"open","ping_status":"open","template":"","meta":{"_et_pb_use_builder":"","_et_pb_old_content":"","_et_gb_content_width":"","footnotes":""},"class_list":["post-108","page","type-page","status-publish","hentry"],"_links":{"self":[{"href":"https:\/\/masters.filescat.uab.cat\/muet\/wp-json\/wp\/v2\/pages\/108","targetHints":{"allow":["GET"]}}],"collection":[{"href":"https:\/\/masters.filescat.uab.cat\/muet\/wp-json\/wp\/v2\/pages"}],"about":[{"href":"https:\/\/masters.filescat.uab.cat\/muet\/wp-json\/wp\/v2\/types\/page"}],"author":[{"embeddable":true,"href":"https:\/\/masters.filescat.uab.cat\/muet\/wp-json\/wp\/v2\/users\/1"}],"replies":[{"embeddable":true,"href":"https:\/\/masters.filescat.uab.cat\/muet\/wp-json\/wp\/v2\/comments?post=108"}],"version-history":[{"count":2,"href":"https:\/\/masters.filescat.uab.cat\/muet\/wp-json\/wp\/v2\/pages\/108\/revisions"}],"predecessor-version":[{"id":2843,"href":"https:\/\/masters.filescat.uab.cat\/muet\/wp-json\/wp\/v2\/pages\/108\/revisions\/2843"}],"wp:attachment":[{"href":"https:\/\/masters.filescat.uab.cat\/muet\/wp-json\/wp\/v2\/media?parent=108"}],"curies":[{"name":"wp","href":"https:\/\/api.w.org\/{rel}","templated":true}]}}