{"id":117,"date":"2013-05-01T00:00:05","date_gmt":"2013-05-01T00:00:05","guid":{"rendered":"http:\/\/158.109.159.121\/webs\/portal\/molelh\/?page_id=117"},"modified":"2025-11-18T13:34:01","modified_gmt":"2025-11-18T12:34:01","slug":"contacto","status":"publish","type":"page","link":"https:\/\/masters.filescat.uab.cat\/molelh\/contacto\/","title":{"rendered":"Informaci\u00f3n de Contacto"},"content":{"rendered":"<p>[et_pb_section fb_built=\u00bb1&#8243; _builder_version=\u00bb4.16&#8243; global_colors_info=\u00bb{}\u00bb][et_pb_row _builder_version=\u00bb4.16&#8243; custom_margin=\u00bb0px||0px|\u00bb custom_padding=\u00bb0px||0px|\u00bb global_colors_info=\u00bb{}\u00bb][et_pb_column type=\u00bb4_4&#8243; _builder_version=\u00bb4.16&#8243; custom_padding=\u00bb|||\u00bb global_colors_info=\u00bb{}\u00bb custom_padding__hover=\u00bb|||\u00bb][et_pb_text _builder_version=\u00bb4.27.4&#8243; global_colors_info=\u00bb{}\u00bb]<\/p>\n<h4>Coordinadora del M\u00e1ster<\/h4>\n<p>Gl\u00f2ria Claver\u00eda Nadal<br \/><a href=\"mailto:coordinacio.master.espanyol@uab.cat\" target=\"_blank\" rel=\"noopener\">coordinacio.master.espanyol@uab.cat<\/a><\/p>\n<p>&nbsp;<\/p>\n<h4>D\u00f3nde estamos<\/h4>\n<p>[\/et_pb_text][\/et_pb_column][\/et_pb_row][et_pb_row column_structure=\u00bb2_5,3_5&#8243; _builder_version=\u00bb4.16&#8243; custom_margin=\u00bb0px|||\u00bb custom_padding=\u00bb0px|||\u00bb global_colors_info=\u00bb{}\u00bb][et_pb_column type=\u00bb2_5&#8243; _builder_version=\u00bb4.16&#8243; custom_padding=\u00bb|||\u00bb global_colors_info=\u00bb{}\u00bb custom_padding__hover=\u00bb|||\u00bb][et_pb_text _builder_version=\u00bb4.27.4&#8243; hover_enabled=\u00bb0&#8243; global_colors_info=\u00bb{}\u00bb sticky_enabled=\u00bb0&#8243;]<\/p>\n<h5>Departamento de Filolog\u00eda Espa\u00f1ola (UAB)<\/h5>\n<p>Facultad de Filosof\u00eda y Letras<br \/>Edificio B &#8211; Campus de la UAB<br \/>08193 Bellaterra &#8211; BARCELONA (SPAIN)<br \/>Tel. 34 &#8211; 93 5811216<br \/><!--Fax 34 - 93 5811686--><br \/>P\u00e1gina WEB:\u00a0<a href=\"https:\/\/dfe.uab.cat\" target=\"_blank\" rel=\"noopener\">https:\/\/dfe.uab.cat<\/a><br \/>Horarios de atenci\u00f3n de Secretar\u00eda<\/p>\n<ul>\n<li>ma\u00f1anas de 11h a 13h<\/li>\n<li>tardes de 15h a 16h<\/li>\n<\/ul>\n<p>[\/et_pb_text][\/et_pb_column][et_pb_column type=\u00bb3_5&#8243; _builder_version=\u00bb4.16&#8243; custom_padding=\u00bb|||\u00bb global_colors_info=\u00bb{}\u00bb custom_padding__hover=\u00bb|||\u00bb][et_pb_text _builder_version=\u00bb4.16&#8243; global_colors_info=\u00bb{}\u00bb]<iframe loading=\"lazy\" style=\"border: 0;\" src=\"https:\/\/www.google.com\/maps\/embed?pb=!1m18!1m12!1m3!1d2988.049869733268!2d2.1062345156658653!3d41.503194096770514!2m3!1f0!2f0!3f0!3m2!1i1024!2i768!4f13.1!3m3!1m2!1s0x12a495d59f6b4885%3A0x441ebb6e3d5969fb!2sDepartament+de+Filologia+Espanyola!5e0!3m2!1sca!2ses!4v1548244713097\" width=\"600\" height=\"450\" frameborder=\"0\" allowfullscreen=\"allowfullscreen\"><\/iframe>[\/et_pb_text][\/et_pb_column][\/et_pb_row][\/et_pb_section]<\/p>\n","protected":false},"excerpt":{"rendered":"<p>Coordinadora del M\u00e1ster Gl\u00f2ria Claver\u00eda Nadalcoordinacio.master.espanyol@uab.cat &nbsp; D\u00f3nde estamosDepartamento de Filolog\u00eda Espa\u00f1ola (UAB) Facultad de Filosof\u00eda y LetrasEdificio B &#8211; Campus de la UAB08193 Bellaterra &#8211; BARCELONA (SPAIN)Tel. 34 &#8211; 93 5811216P\u00e1gina WEB:\u00a0https:\/\/dfe.uab.catHorarios de atenci\u00f3n de Secretar\u00eda ma\u00f1anas de 11h a 13h tardes de 15h a 16h<\/p>\n","protected":false},"author":1,"featured_media":0,"parent":0,"menu_order":0,"comment_status":"closed","ping_status":"closed","template":"","meta":{"_et_pb_use_builder":"on","_et_pb_old_content":"<h4>Coordinadora del M\u00e1ster<\/h4><p>Dolors Poch<br \/><a style=\"font-style: italic;\" href=\"emailto:dolors.poch@uab.es\" target=\"_blank\" rel=\"noopener\">dolors.poch@uab.es<\/a><\/p><h4>D\u00f3nde estamos<\/h4><div class=\"layout_1_2\"><h5>Departamento de Filolog\u00eda Espa\u00f1ola (UAB)<\/h5><p>Facultad de Filosof\u00eda y Letras<br \/>Edificio B - Campus de la UAB<br \/>08193 Bellaterra - BARCELONA (SPAIN)<br \/>Tel. 34 - 93 5811216<br \/><!--Fax 34 - 93 5811686--><br \/>Correo:<a style=\"font-style: italic;\" href=\"emailto:d.fil.espanyola@uab.es\" target=\"_blank\" rel=\"noopener\">d.fil.espanyola@uab.es<\/a><\/p><p>P\u00e1gina WEB:<a style=\"font-style: italic;\" href=\"http:\/\/dfe.uab.es\" target=\"_blank\" rel=\"noopener\">http:\/\/dfe.uab.es<\/a><br \/>Horarios de atenci\u00f3n de Secretar\u00eda<\/p><div class=\"arrowlist arrowlistblue\"><ul><li>ma\u00f1anas de 11h a 13h<\/li><li>tardes de 15h a 16h<\/li><\/ul><\/div><\/div><div class=\"layout_1_2\"><address><iframe src=\"http:\/\/maps.google.es\/maps?hl=ca&ie=UTF8&q=escola+postgrau+uab&fb=1&gl=es&hq=escola+postgrau+uab&hnear=Cerdanyola+del+Vall%C3%A8s,+Barcelona,+Catalunya&t=h&vpsrc=6&ll=41.501185,2.104526&spn=0.005625,0.00912&z=16&output=embed\" width=\"400\" height=\"325\" frameborder=\"0\" marginwidth=\"0\" marginheight=\"0\" scrolling=\"no\"><\/iframe><br \/><small><a style=\"color: #0000ff;\" href=\"http:\/\/maps.google.es\/maps?hl=ca&ie=UTF8&q=escola+postgrau+uab&fb=1&gl=es&hq=escola+postgrau+uab&hnear=Cerdanyola+del+Vall%C3%A8s,+Barcelona,+Catalunya&t=h&vpsrc=6&ll=41.501185,2.104526&spn=0.005625,0.00912&z=16&source=embed\">Mostrar un mapa m\u00e1s grande<\/a><\/small><\/address><address>\u00a0<\/address><address>\u00a0<\/address><\/div><p>\u00a0<\/p>","_et_gb_content_width":"","footnotes":""},"class_list":["post-117","page","type-page","status-publish","hentry"],"_links":{"self":[{"href":"https:\/\/masters.filescat.uab.cat\/molelh\/wp-json\/wp\/v2\/pages\/117","targetHints":{"allow":["GET"]}}],"collection":[{"href":"https:\/\/masters.filescat.uab.cat\/molelh\/wp-json\/wp\/v2\/pages"}],"about":[{"href":"https:\/\/masters.filescat.uab.cat\/molelh\/wp-json\/wp\/v2\/types\/page"}],"author":[{"embeddable":true,"href":"https:\/\/masters.filescat.uab.cat\/molelh\/wp-json\/wp\/v2\/users\/1"}],"replies":[{"embeddable":true,"href":"https:\/\/masters.filescat.uab.cat\/molelh\/wp-json\/wp\/v2\/comments?post=117"}],"version-history":[{"count":6,"href":"https:\/\/masters.filescat.uab.cat\/molelh\/wp-json\/wp\/v2\/pages\/117\/revisions"}],"predecessor-version":[{"id":1646,"href":"https:\/\/masters.filescat.uab.cat\/molelh\/wp-json\/wp\/v2\/pages\/117\/revisions\/1646"}],"wp:attachment":[{"href":"https:\/\/masters.filescat.uab.cat\/molelh\/wp-json\/wp\/v2\/media?parent=117"}],"curies":[{"name":"wp","href":"https:\/\/api.w.org\/{rel}","templated":true}]}}

Información de Contacto

<p>[et_pb_section fb_built=»1&#8243; _builder_version=»4.16&#8243; global_colors_info=»{}»][et_pb_row _builder_version=»4.16&#8243; custom_margin=»0px||0px|» custom_padding=»0px||0px|» global_colors_info=»{}»][et_pb_column type=»4_4&#8243; _builder_version=»4.16&#8243; custom_padding=»|||» global_colors_info=»{}» custom_padding__hover=»|||»][et_pb_text _builder_version=»4.27.4&#8243; global_colors_info=»{}»]</p>
<h4>Coordinadora del Máster</h4>
<p>Glòria Clavería Nadal<br /><a href="mailto:coordinacio.master.espanyol@uab.cat" target="_blank" rel="noopener">coordinacio.master.espanyol@uab.cat</a></p>
<p>&nbsp;</p>
<h4>Dónde estamos</h4>
<p>[/et_pb_text][/et_pb_column][/et_pb_row][et_pb_row column_structure=»2_5,3_5&#8243; _builder_version=»4.16&#8243; custom_margin=»0px|||» custom_padding=»0px|||» global_colors_info=»{}»][et_pb_column type=»2_5&#8243; _builder_version=»4.16&#8243; custom_padding=»|||» global_colors_info=»{}» custom_padding__hover=»|||»][et_pb_text _builder_version=»4.27.4&#8243; hover_enabled=»0&#8243; global_colors_info=»{}» sticky_enabled=»0&#8243;]</p>
<h5>Departamento de Filología Española (UAB)</h5>
<p>Facultad de Filosofía y Letras<br />Edificio B &#8211; Campus de la UAB<br />08193 Bellaterra &#8211; BARCELONA (SPAIN)<br />Tel. 34 &#8211; 93 5811216<br /><!--Fax 34 - 93 5811686--><br />Página WEB: <a href="https://dfe.uab.cat" target="_blank" rel="noopener">https://dfe.uab.cat</a><br />Horarios de atención de Secretaría</p>
<ul>
<li>mañanas de 11h a 13h</li>
<li>tardes de 15h a 16h</li>
</ul>
<p>[/et_pb_text][/et_pb_column][et_pb_column type=»3_5&#8243; _builder_version=»4.16&#8243; custom_padding=»|||» global_colors_info=»{}» custom_padding__hover=»|||»][et_pb_text _builder_version=»4.16&#8243; global_colors_info=»{}»]<iframe loading="lazy" style="border: 0;" src="https://www.google.com/maps/embed?pb=!1m18!1m12!1m3!1d2988.049869733268!2d2.1062345156658653!3d41.503194096770514!2m3!1f0!2f0!3f0!3m2!1i1024!2i768!4f13.1!3m3!1m2!1s0x12a495d59f6b4885%3A0x441ebb6e3d5969fb!2sDepartament+de+Filologia+Espanyola!5e0!3m2!1sca!2ses!4v1548244713097" width="600" height="450" frameborder="0" allowfullscreen="allowfullscreen"></iframe>[/et_pb_text][/et_pb_column][/et_pb_row][/et_pb_section]</p>

<p>Coordinadora del Máster Glòria Clavería Nadalcoordinacio.master.espanyol@uab.cat &nbsp; Dónde estamosDepartamento de Filología Española (UAB) Facultad de Filosofía y LetrasEdificio B &#8211; Campus de la UAB08193 Bellaterra &#8211; BARCELONA (SPAIN)Tel. 34 &#8211; 93 5811216Página WEB: https://dfe.uab.catHorarios de atención de Secretaría mañanas de 11h a 13h tardes de 15h a 16h</p>

<h4>Coordinadora del Máster</h4><p>Dolors Poch<br /><a style="font-style: italic;" href="emailto:dolors.poch@uab.es" target="_blank" rel="noopener">dolors.poch@uab.es</a></p><h4>Dónde estamos</h4><div class="layout_1_2"><h5>Departamento de Filología Española (UAB)</h5><p>Facultad de Filosofía y Letras<br />Edificio B - Campus de la UAB<br />08193 Bellaterra - BARCELONA (SPAIN)<br />Tel. 34 - 93 5811216<br /><!--Fax 34 - 93 5811686--><br />Correo:<a style="font-style: italic;" href="emailto:d.fil.espanyola@uab.es" target="_blank" rel="noopener">d.fil.espanyola@uab.es</a></p><p>Página WEB:<a style="font-style: italic;" href="http://dfe.uab.es" target="_blank" rel="noopener">http://dfe.uab.es</a><br />Horarios de atención de Secretaría</p><div class="arrowlist arrowlistblue"><ul><li>mañanas de 11h a 13h</li><li>tardes de 15h a 16h</li></ul></div></div><div class="layout_1_2"><address><iframe src="http://maps.google.es/maps?hl=ca&ie=UTF8&q=escola+postgrau+uab&fb=1&gl=es&hq=escola+postgrau+uab&hnear=Cerdanyola+del+Vall%C3%A8s,+Barcelona,+Catalunya&t=h&vpsrc=6&ll=41.501185,2.104526&spn=0.005625,0.00912&z=16&output=embed" width="400" height="325" frameborder="0" marginwidth="0" marginheight="0" scrolling="no"></iframe><br /><small><a style="color: #0000ff;" href="http://maps.google.es/maps?hl=ca&ie=UTF8&q=escola+postgrau+uab&fb=1&gl=es&hq=escola+postgrau+uab&hnear=Cerdanyola+del+Vall%C3%A8s,+Barcelona,+Catalunya&t=h&vpsrc=6&ll=41.501185,2.104526&spn=0.005625,0.00912&z=16&source=embed">Mostrar un mapa más grande</a></small></address><address> </address><address> </address></div><p> </p>
