{"id":1106,"date":"2017-07-17T11:00:32","date_gmt":"2017-07-17T11:00:32","guid":{"rendered":"https:\/\/masters.filescat.uab.cat\/molelh\/?page_id=1106"},"modified":"2022-04-28T13:39:47","modified_gmt":"2022-04-28T12:39:47","slug":"asignaturas-curso-2017-2018","status":"publish","type":"page","link":"https:\/\/masters.filescat.uab.cat\/molelh\/asignaturas-curso-2017-2018\/","title":{"rendered":"Asignaturas curso 2017-2018"},"content":{"rendered":"<h3>Curso 2017-2018 &#8211; Programa de las asignaturas<\/h3>\n<h5 style=\"text-align: left;\">Haciendo clic en el t\u00edtulo de las asignaturas acced\u00e9is a los programas del curso 2017-2018<\/h5>\n<p>&nbsp;<\/p>\n<div class=\"layout_1_2\">\n<h4>1<sup>er<\/sup> Cuatrimestre<\/h4>\n<h5><\/h5>\n<ul>\n<li>\n<h5><a href=\"https:\/\/masters.filescat.uab.cat\/molelh\/wp-content\/uploads\/sites\/3\/2017\/07\/principios-metodos_2017-2018.pdf\" target=\"_blank\" rel=\"noopener noreferrer\">Principios y M\u00e9todos<\/a><\/h5>\n<p><strong>Profesores<\/strong>:<br \/>\nCoordinadora: Dolors Poch<br \/>\nPara todos los alumnos juntos: ELE (Dolors Poch, Yolanda Rodr\u00edguez)<br \/>\nLing\u00fc\u00edstica de corpus: Joan Torruella<br \/>\nGrupo 1: Jos\u00e9 Mar\u00eda Brucart, Beatriz Ferr\u00fas, Jos\u00e9 Ram\u00f3n L\u00f3pez<br \/>\nGrupo 2: Laura Mu\u00f1oz, Omar Sanz<\/li>\n<li>\n<h5><a href=\"https:\/\/masters.filescat.uab.cat\/molelh\/wp-content\/uploads\/sites\/3\/2017\/07\/introduccion-investigacion_2017-2018.pdf\" target=\"_blank\" rel=\"noopener noreferrer\">Introducci\u00f3n a la Investigaci\u00f3n en Lengua y Literatura<\/a><\/h5>\n<p><strong>Profesores: <\/strong>Montserrat Amores, M. Llu\u00efsa Hernanz<\/li>\n<li>\n<h5><a href=\"https:\/\/masters.filescat.uab.cat\/molelh\/wp-content\/uploads\/sites\/3\/2017\/07\/america-latina_lengua-literatura_2017-2018.pdf\" target=\"_blank\" rel=\"noopener noreferrer\">Am\u00e9rica Latina: Lengua y Literatura<\/a><\/h5>\n<p><strong>Profesores<\/strong>:\u00a0Tania Pleitez, Maria Ohannesian<\/li>\n<li>\n<h5><a href=\"https:\/\/masters.filescat.uab.cat\/molelh\/wp-content\/uploads\/sites\/3\/2017\/07\/discurso-variacion-espanol_2017-2018.pdf\" target=\"_blank\" rel=\"noopener noreferrer\">Discurso y variaci\u00f3n en espa\u00f1ol<\/a><\/h5>\n<p><strong>Profesores<\/strong>:\u00a0Cristina Buenafuentes, Carme de la Mota<\/li>\n<li>\n<h5><a href=\"https:\/\/masters.filescat.uab.cat\/molelh\/wp-content\/uploads\/sites\/3\/2017\/07\/aspectos-sistematicos-espanol_2017-2018.pdf\" target=\"_blank\" rel=\"noopener noreferrer\">Aspctos sistem\u00e1ticos del espa\u00f1ol<\/a><\/h5>\n<p><strong>Profesores<\/strong>:\u00a0Santiago Alcoba, Gloria Claver\u00eda<\/li>\n<li>\n<h5><a href=\"https:\/\/masters.filescat.uab.cat\/molelh\/wp-content\/uploads\/sites\/3\/2017\/07\/tradiciones-literarias_2017-2018.pdf\" target=\"_blank\" rel=\"noopener noreferrer\">Tradiciones literarias<\/a><\/h5>\n<p><strong>Profesores<\/strong>:\u00a0Sonia Boadas, Guillermo G\u00f3mez<\/li>\n<\/ul>\n<\/div>\n<div class=\"layout_1_2\">\n<h4>2<sup>o<\/sup> Cuatrimestre<\/h4>\n<h5><\/h5>\n<ul>\n<li>\n<h5><a href=\"https:\/\/masters.filescat.uab.cat\/molelh\/wp-content\/uploads\/sites\/3\/2017\/10\/literatura-cultura-sociedad_2017-2018.pdf\" target=\"_blank\" rel=\"noopener noreferrer\">Literatura, cultura y sociedad<\/a><\/h5>\n<p><strong>Profesores<\/strong>: Francisca Montiel<\/li>\n<li>\n<h5><\/h5>\n<\/li>\n<li>\n<h5><a href=\"https:\/\/masters.filescat.uab.cat\/molelh\/wp-content\/uploads\/sites\/3\/2017\/07\/ELE_lengua-literatura_2017-2018.pdf\" target=\"_blank\" rel=\"noopener noreferrer\">ELE: Lengua y Literatura<\/a><\/h5>\n<p><strong>Profesores<\/strong>: Mar\u00eda Machuca, Lourdes Miquel<\/li>\n<\/ul>\n<\/div>\n","protected":false},"excerpt":{"rendered":"<p>Curso 2017-2018 &#8211; Programa de las asignaturas Haciendo clic en el t\u00edtulo de las asignaturas acced\u00e9is a los programas del curso 2017-2018 &nbsp; 1er Cuatrimestre Principios y M\u00e9todos Profesores: Coordinadora: Dolors Poch Para todos los alumnos juntos: ELE (Dolors Poch, Yolanda Rodr\u00edguez) Ling\u00fc\u00edstica de corpus: Joan Torruella Grupo 1: Jos\u00e9 Mar\u00eda Brucart, Beatriz Ferr\u00fas, Jos\u00e9 [&hellip;]<\/p>\n","protected":false},"author":1,"featured_media":0,"parent":0,"menu_order":0,"comment_status":"closed","ping_status":"closed","template":"","meta":{"_et_pb_use_builder":"","_et_pb_old_content":"","_et_gb_content_width":"","footnotes":""},"class_list":["post-1106","page","type-page","status-publish","hentry"],"_links":{"self":[{"href":"https:\/\/masters.filescat.uab.cat\/molelh\/wp-json\/wp\/v2\/pages\/1106","targetHints":{"allow":["GET"]}}],"collection":[{"href":"https:\/\/masters.filescat.uab.cat\/molelh\/wp-json\/wp\/v2\/pages"}],"about":[{"href":"https:\/\/masters.filescat.uab.cat\/molelh\/wp-json\/wp\/v2\/types\/page"}],"author":[{"embeddable":true,"href":"https:\/\/masters.filescat.uab.cat\/molelh\/wp-json\/wp\/v2\/users\/1"}],"replies":[{"embeddable":true,"href":"https:\/\/masters.filescat.uab.cat\/molelh\/wp-json\/wp\/v2\/comments?post=1106"}],"version-history":[{"count":2,"href":"https:\/\/masters.filescat.uab.cat\/molelh\/wp-json\/wp\/v2\/pages\/1106\/revisions"}],"predecessor-version":[{"id":1598,"href":"https:\/\/masters.filescat.uab.cat\/molelh\/wp-json\/wp\/v2\/pages\/1106\/revisions\/1598"}],"wp:attachment":[{"href":"https:\/\/masters.filescat.uab.cat\/molelh\/wp-json\/wp\/v2\/media?parent=1106"}],"curies":[{"name":"wp","href":"https:\/\/api.w.org\/{rel}","templated":true}]}}

<h3>Curso 2017-2018 &#8211; Programa de las asignaturas</h3>
<h5 style="text-align: left;">Haciendo clic en el título de las asignaturas accedéis a los programas del curso 2017-2018</h5>
<p>&nbsp;</p>
<div class="layout_1_2">
<h4>1<sup>er</sup> Cuatrimestre</h4>
<h5></h5>
<ul>
<li>
<h5><a href="https://masters.filescat.uab.cat/molelh/wp-content/uploads/sites/3/2017/07/principios-metodos_2017-2018.pdf" target="_blank" rel="noopener noreferrer">Principios y Métodos</a></h5>
<p><strong>Profesores</strong>:<br />
Coordinadora: Dolors Poch<br />
Para todos los alumnos juntos: ELE (Dolors Poch, Yolanda Rodríguez)<br />
Lingüística de corpus: Joan Torruella<br />
Grupo 1: José María Brucart, Beatriz Ferrús, José Ramón López<br />
Grupo 2: Laura Muñoz, Omar Sanz</li>
<li>
<h5><a href="https://masters.filescat.uab.cat/molelh/wp-content/uploads/sites/3/2017/07/introduccion-investigacion_2017-2018.pdf" target="_blank" rel="noopener noreferrer">Introducción a la Investigación en Lengua y Literatura</a></h5>
<p><strong>Profesores: </strong>Montserrat Amores, M. Lluïsa Hernanz</li>
<li>
<h5><a href="https://masters.filescat.uab.cat/molelh/wp-content/uploads/sites/3/2017/07/america-latina_lengua-literatura_2017-2018.pdf" target="_blank" rel="noopener noreferrer">América Latina: Lengua y Literatura</a></h5>
<p><strong>Profesores</strong>: Tania Pleitez, Maria Ohannesian</li>
<li>
<h5><a href="https://masters.filescat.uab.cat/molelh/wp-content/uploads/sites/3/2017/07/discurso-variacion-espanol_2017-2018.pdf" target="_blank" rel="noopener noreferrer">Discurso y variación en español</a></h5>
<p><strong>Profesores</strong>: Cristina Buenafuentes, Carme de la Mota</li>
<li>
<h5><a href="https://masters.filescat.uab.cat/molelh/wp-content/uploads/sites/3/2017/07/aspectos-sistematicos-espanol_2017-2018.pdf" target="_blank" rel="noopener noreferrer">Aspctos sistemáticos del español</a></h5>
<p><strong>Profesores</strong>: Santiago Alcoba, Gloria Clavería</li>
<li>
<h5><a href="https://masters.filescat.uab.cat/molelh/wp-content/uploads/sites/3/2017/07/tradiciones-literarias_2017-2018.pdf" target="_blank" rel="noopener noreferrer">Tradiciones literarias</a></h5>
<p><strong>Profesores</strong>: Sonia Boadas, Guillermo Gómez</li>
</ul>
</div>
<div class="layout_1_2">
<h4>2<sup>o</sup> Cuatrimestre</h4>
<h5></h5>
<ul>
<li>
<h5><a href="https://masters.filescat.uab.cat/molelh/wp-content/uploads/sites/3/2017/10/literatura-cultura-sociedad_2017-2018.pdf" target="_blank" rel="noopener noreferrer">Literatura, cultura y sociedad</a></h5>
<p><strong>Profesores</strong>: Francisca Montiel</li>
<li>
<h5></h5>
</li>
<li>
<h5><a href="https://masters.filescat.uab.cat/molelh/wp-content/uploads/sites/3/2017/07/ELE_lengua-literatura_2017-2018.pdf" target="_blank" rel="noopener noreferrer">ELE: Lengua y Literatura</a></h5>
<p><strong>Profesores</strong>: María Machuca, Lourdes Miquel</li>
</ul>
</div>

<p>Curso 2017-2018 &#8211; Programa de las asignaturas Haciendo clic en el título de las asignaturas accedéis a los programas del curso 2017-2018 &nbsp; 1er Cuatrimestre Principios y Métodos Profesores: Coordinadora: Dolors Poch Para todos los alumnos juntos: ELE (Dolors Poch, Yolanda Rodríguez) Lingüística de corpus: Joan Torruella Grupo 1: José María Brucart, Beatriz Ferrús, José [&hellip;]</p>
