{"id":3140,"date":"2025-02-27T12:23:46","date_gmt":"2025-02-27T11:23:46","guid":{"rendered":"https:\/\/masters.filescat.uab.cat\/moiellc\/?page_id=3140"},"modified":"2025-02-27T12:23:46","modified_gmt":"2025-02-27T11:23:46","slug":"objectius-formatius","status":"publish","type":"page","link":"https:\/\/masters.filescat.uab.cat\/moiellc\/el-master\/objectius-formatius\/","title":{"rendered":"Objectius formatius"},"content":{"rendered":"<h3>L\u2019objectiu principal del <strong>m\u00e0ster<\/strong> \u00e9s proporcionar una formaci\u00f3 espec\u00edfica que doti l\u2019estudiant d\u2019eines per a la recerca sobre qualsevol aspecte de la <strong>llengua<\/strong> i la <strong>literatura<\/strong> <strong>catalanes<\/strong> i que li permeti d\u2019aplicar les compet\u00e8ncies i les habilitats adquirides al <strong>m\u00e0ster<\/strong> a les activitats professionals relacionades amb la <strong>llengua<\/strong> i la <strong>literatura<\/strong>, com ara l\u2019ensenyament, la gesti\u00f3 del patrimoni literari, el m\u00f3n editorial en tots els seus aspectes, l\u2019assessorament i la dinamitzaci\u00f3 ling\u00fc\u00edstics o la correcci\u00f3 d\u2019originals per a empreses i institucions.<\/h3>\n<h3>D\u2019acord amb aquest objectiu, el pla d\u2019estudis posa l\u2019accent en la transversalitat dels continguts de les assignatures, en q\u00fcestions de m\u00e8tode, i en la proposta de models pr\u00e0ctics per a l\u2019an\u00e0lisi i l\u2019estudi de fen\u00f2mens ling\u00fc\u00edstics i de textos literaris catalans de qualsevol \u00e8poca. Els t\u00edtols i les descripcions de les assignatures en mostren l\u2019orientaci\u00f3 general, i les guies docents en concreten cada curs els continguts espec\u00edfics.<\/h3>\n","protected":false},"excerpt":{"rendered":"<p>L\u2019objectiu principal del m\u00e0ster \u00e9s proporcionar una formaci\u00f3 espec\u00edfica que doti l\u2019estudiant d\u2019eines per a la recerca sobre qualsevol aspecte de la llengua i la literatura catalanes i que li permeti d\u2019aplicar les compet\u00e8ncies i les habilitats adquirides al m\u00e0ster a les activitats professionals relacionades amb la llengua i la literatura, com ara l\u2019ensenyament, la [&hellip;]<\/p>\n","protected":false},"author":1,"featured_media":0,"parent":1329,"menu_order":0,"comment_status":"closed","ping_status":"closed","template":"","meta":{"_et_pb_use_builder":"","_et_pb_old_content":"","_et_gb_content_width":"","footnotes":""},"class_list":["post-3140","page","type-page","status-publish","hentry"],"_links":{"self":[{"href":"https:\/\/masters.filescat.uab.cat\/moiellc\/wp-json\/wp\/v2\/pages\/3140","targetHints":{"allow":["GET"]}}],"collection":[{"href":"https:\/\/masters.filescat.uab.cat\/moiellc\/wp-json\/wp\/v2\/pages"}],"about":[{"href":"https:\/\/masters.filescat.uab.cat\/moiellc\/wp-json\/wp\/v2\/types\/page"}],"author":[{"embeddable":true,"href":"https:\/\/masters.filescat.uab.cat\/moiellc\/wp-json\/wp\/v2\/users\/1"}],"replies":[{"embeddable":true,"href":"https:\/\/masters.filescat.uab.cat\/moiellc\/wp-json\/wp\/v2\/comments?post=3140"}],"version-history":[{"count":3,"href":"https:\/\/masters.filescat.uab.cat\/moiellc\/wp-json\/wp\/v2\/pages\/3140\/revisions"}],"predecessor-version":[{"id":3157,"href":"https:\/\/masters.filescat.uab.cat\/moiellc\/wp-json\/wp\/v2\/pages\/3140\/revisions\/3157"}],"up":[{"embeddable":true,"href":"https:\/\/masters.filescat.uab.cat\/moiellc\/wp-json\/wp\/v2\/pages\/1329"}],"wp:attachment":[{"href":"https:\/\/masters.filescat.uab.cat\/moiellc\/wp-json\/wp\/v2\/media?parent=3140"}],"curies":[{"name":"wp","href":"https:\/\/api.w.org\/{rel}","templated":true}]}}

<h3>L’objectiu principal del <strong>màster</strong> és proporcionar una formació específica que doti l’estudiant d’eines per a la recerca sobre qualsevol aspecte de la <strong>llengua</strong> i la <strong>literatura</strong> <strong>catalanes</strong> i que li permeti d’aplicar les competències i les habilitats adquirides al <strong>màster</strong> a les activitats professionals relacionades amb la <strong>llengua</strong> i la <strong>literatura</strong>, com ara l’ensenyament, la gestió del patrimoni literari, el món editorial en tots els seus aspectes, l’assessorament i la dinamització lingüístics o la correcció d’originals per a empreses i institucions.</h3>
<h3>D’acord amb aquest objectiu, el pla d’estudis posa l’accent en la transversalitat dels continguts de les assignatures, en qüestions de mètode, i en la proposta de models pràctics per a l’anàlisi i l’estudi de fenòmens lingüístics i de textos literaris catalans de qualsevol època. Els títols i les descripcions de les assignatures en mostren l’orientació general, i les guies docents en concreten cada curs els continguts específics.</h3>

<p>L’objectiu principal del màster és proporcionar una formació específica que doti l’estudiant d’eines per a la recerca sobre qualsevol aspecte de la llengua i la literatura catalanes i que li permeti d’aplicar les competències i les habilitats adquirides al màster a les activitats professionals relacionades amb la llengua i la literatura, com ara l’ensenyament, la [&hellip;]</p>
