{"id":1329,"date":"2011-10-28T13:03:20","date_gmt":"2011-10-28T13:03:20","guid":{"rendered":"https:\/\/masters.filescat.uab.cat\/webs\/portal\/master\/?page_id=4"},"modified":"2025-02-28T08:07:40","modified_gmt":"2025-02-28T07:07:40","slug":"el-master","status":"publish","type":"page","link":"https:\/\/masters.filescat.uab.cat\/moiellc\/el-master\/","title":{"rendered":"El M\u00e0ster"},"content":{"rendered":"<p>[et_pb_section fb_built=&#8221;1&#8243; _builder_version=&#8221;4.16&#8243; global_colors_info=&#8221;{}&#8221;][et_pb_row _builder_version=&#8221;4.16&#8243; custom_margin=&#8221;0px|||&#8221; custom_padding=&#8221;0px|||&#8221; global_colors_info=&#8221;{}&#8221;][et_pb_column type=&#8221;4_4&#8243; _builder_version=&#8221;4.16&#8243; custom_padding=&#8221;|||&#8221; global_colors_info=&#8221;{}&#8221; custom_padding__hover=&#8221;|||&#8221;][et_pb_image src=&#8221;https:\/\/masters.filescat.uab.cat\/moiellc\/wp-content\/uploads\/sites\/4\/2011\/11\/master-inici_2024.webp&#8221; title_text=&#8221;master-inici_2024&#8243; align=&#8221;center&#8221; align_tablet=&#8221;center&#8221; align_phone=&#8221;center&#8221; align_last_edited=&#8221;on|desktop&#8221; _builder_version=&#8221;4.27.4&#8243; custom_margin=&#8221;0px|||&#8221; custom_padding=&#8221;0px|||&#8221; global_colors_info=&#8221;{}&#8221;][\/et_pb_image][et_pb_text _builder_version=&#8221;4.27.4&#8243; hover_enabled=&#8221;0&#8243; global_colors_info=&#8221;{}&#8221; sticky_enabled=&#8221;0&#8243;]<\/p>\n<h2>El <strong>M\u00e0ster en Estudis Avan\u00e7ats de Llengua i Literatura Catalanes<\/strong> (MEALLC) \u00e9s un m\u00e0ster oficial interuniversitari organitzat per la Universitat de Barcelona i la Universitat Aut\u00f2noma de Barcelona, que n\u2019\u00e9s la universitat coordinadora.<\/h2>\n<h3>El m\u00e0ster compta amb l\u2019acreditaci\u00f3 d\u2019excel\u00b7l\u00e8ncia de l\u2019Ag\u00e8ncia per a la Qualitat del Sistema Universitari (AQU Catalunya).<\/h3>\n<h3>El curs 2025-2026, el m\u00e0ster inaugura <strong>un nou pla d\u2019estudis<\/strong>, que, sense perdre la possibilitat de cursar itineraris d\u2019especialitzaci\u00f3, \u00e9s m\u00e9s flexible en l\u2019organitzaci\u00f3 de les assignatures optatives i m\u00e9s transversal en l\u2019orientaci\u00f3 dels continguts.<\/h3>\n<p>[\/et_pb_text][\/et_pb_column][\/et_pb_row][et_pb_row _builder_version=&#8221;4.16&#8243; custom_margin=&#8221;0px||0px|&#8221; custom_padding=&#8221;0px||0px|&#8221; global_colors_info=&#8221;{}&#8221;][et_pb_column type=&#8221;4_4&#8243; _builder_version=&#8221;4.16&#8243; custom_padding=&#8221;0px||0px|&#8221; global_colors_info=&#8221;{}&#8221; custom_padding__hover=&#8221;|||&#8221;][et_pb_text _builder_version=&#8221;4.27.4&#8243; global_colors_info=&#8221;{}&#8221;]<\/p>\n<h2 style=\"text-align: center;\">Itineraris<\/h2>\n<p>[\/et_pb_text][\/et_pb_column][\/et_pb_row][et_pb_row column_structure=&#8221;1_3,1_3,1_3&#8243; _builder_version=&#8221;4.16&#8243; background_size=&#8221;initial&#8221; background_position=&#8221;top_left&#8221; background_repeat=&#8221;repeat&#8221; global_colors_info=&#8221;{}&#8221;][et_pb_column type=&#8221;1_3&#8243; _builder_version=&#8221;4.16&#8243; custom_padding=&#8221;|||&#8221; global_colors_info=&#8221;{}&#8221; custom_padding__hover=&#8221;|||&#8221;][et_pb_blurb title=&#8221;LING\u00dc\u00cdSTICA CATALANA&#8221; use_icon=&#8221;on&#8221; font_icon=&#8221;&#xe06a;||divi||400&#8243; image_icon_width=&#8221;50px&#8221; _builder_version=&#8221;4.27.4&#8243; header_font=&#8221;|600||on|||||&#8221; header_text_align=&#8221;center&#8221; text_orientation=&#8221;center&#8221; icon_font_size=&#8221;50px&#8221; global_colors_info=&#8221;{}&#8221;]<\/p>\n<h5>Estudi avan\u00e7at de la llengua catalana en els seus aspectes gramaticals, sincr\u00f2nics, diacr\u00f2nics i d\u2019\u00fas social<\/h5>\n<p>[\/et_pb_blurb][\/et_pb_column][et_pb_column type=&#8221;1_3&#8243; _builder_version=&#8221;4.16&#8243; custom_padding=&#8221;|||&#8221; global_colors_info=&#8221;{}&#8221; custom_padding__hover=&#8221;|||&#8221;][et_pb_blurb title=&#8221;LITERATURA CATALANA&#8221; use_icon=&#8221;on&#8221; font_icon=&#8221;&#xe06a;||divi||400&#8243; image_icon_width=&#8221;50px&#8221; _builder_version=&#8221;4.27.4&#8243; header_font=&#8221;|600||on|||||&#8221; header_text_align=&#8221;center&#8221; text_orientation=&#8221;center&#8221; icon_font_size=&#8221;50px&#8221; global_colors_info=&#8221;{}&#8221;]<\/p>\n<h5>Estudi avan\u00e7at de la literatura catalana de totes les \u00e8poques, amb atenci\u00f3 al sistema literari, l\u2019estudi d\u2019autors i els m\u00e8todes de la hist\u00f2ria liter\u00e0ria<\/h5>\n<p>[\/et_pb_blurb][\/et_pb_column][et_pb_column type=&#8221;1_3&#8243; _builder_version=&#8221;4.16&#8243; custom_padding=&#8221;|||&#8221; global_colors_info=&#8221;{}&#8221; custom_padding__hover=&#8221;|||&#8221;][et_pb_blurb title=&#8221;SENSE ITINERARI&#8221; use_icon=&#8221;on&#8221; font_icon=&#8221;&#xe06a;||divi||400&#8243; image_icon_width=&#8221;50px&#8221; _builder_version=&#8221;4.27.4&#8243; header_font=&#8221;|600||on|||||&#8221; header_text_align=&#8221;center&#8221; text_orientation=&#8221;center&#8221; icon_font_size=&#8221;50px&#8221; global_colors_info=&#8221;{}&#8221;]<\/p>\n<h5>L\u2019estudiant pot configurar lliurement el seu itinerari a partir de l\u2019oferta d\u2019assignatures optatives, per tal d\u2019obtenir la formaci\u00f3 avan\u00e7ada en llengua i literatura que s\u2019adapti m\u00e9s b\u00e9 als seus interessos i objectius<\/h5>\n<p>[\/et_pb_blurb][\/et_pb_column][\/et_pb_row][\/et_pb_section]<\/p>\n","protected":false},"excerpt":{"rendered":"<p>El M\u00e0ster en Estudis Avan\u00e7ats de Llengua i Literatura Catalanes (MEALLC) \u00e9s un m\u00e0ster oficial interuniversitari organitzat per la Universitat de Barcelona i la Universitat Aut\u00f2noma de Barcelona, que n\u2019\u00e9s la universitat coordinadora. El m\u00e0ster compta amb l\u2019acreditaci\u00f3 d\u2019excel\u00b7l\u00e8ncia de l\u2019Ag\u00e8ncia per a la Qualitat del Sistema Universitari (AQU Catalunya). El curs 2025-2026, el m\u00e0ster [&hellip;]<\/p>\n","protected":false},"author":1,"featured_media":0,"parent":0,"menu_order":0,"comment_status":"open","ping_status":"open","template":"","meta":{"_et_pb_use_builder":"on","_et_pb_old_content":"<h6>El <strong>M\u00e0ster Oficial Interuniversitari Estudis Avan\u00e7ats de Llengua i Literatura catalanes <\/strong>(MOIELLC), coordinat per la Universitat Aut\u00f2noma de Barcelona i la Universitat de Barcelona, pertany al Programa Oficial de Postgrau de Llengua i Literatura.<\/h6>\r\n<p><span class=\"hr_shortcode\">L'objectiu del m\u00e0ster \u00e9s proporcionar una formaci\u00f3 espec\u00edfica i avan\u00e7ada en <strong>llengua<\/strong> i <strong>literatura<\/strong> <strong>catalanes<\/strong>, tant pel que fa als aspectes te\u00f2rics com pel que fa als aspectes m\u00e9s aplicats. Els estudis estan organitzats en dues especialitats:<\/span><\/p>\r\n<ul>\r\n<li><strong>ling\u00fc\u00edstica<\/strong> catalana<\/li>\r\n<li><strong>literatura<\/strong> catalana<\/li>\r\n<\/ul>\r\n<h4>Especialitats - Itineraris<\/h4>\r\n<div class=\"layout_1_3\">\r\n<p><span class=\"dropcap2\">A<\/span><\/p>\r\n<h6>Ling\u00fc\u00edstica catalana<\/h6>\r\n<p>Estudi avan\u00e7at de la llengua catalana en els seus aspectes gramaticals, sincr\u00f2nics, diacr\u00f2nics i d'\u00fas<\/p>\r\n<\/div>\r\n<div class=\"layout_2_3\">\r\n<p><span class=\"dropcap2\">B<\/span><\/p>\r\n<h6>Literatura catalana<\/h6>\r\n<p>Estudi avan\u00e7at de la literatura catalana en totes les seves \u00e8poques (de l'Edat Mitjana a l'actualitat), incloent-hi l'estudi de l'edici\u00f3 de textos i de les grans escoles cr\u00edtiques<\/p>\r\n<\/div>","_et_gb_content_width":"","footnotes":""},"class_list":["post-1329","page","type-page","status-publish","hentry"],"_links":{"self":[{"href":"https:\/\/masters.filescat.uab.cat\/moiellc\/wp-json\/wp\/v2\/pages\/1329","targetHints":{"allow":["GET"]}}],"collection":[{"href":"https:\/\/masters.filescat.uab.cat\/moiellc\/wp-json\/wp\/v2\/pages"}],"about":[{"href":"https:\/\/masters.filescat.uab.cat\/moiellc\/wp-json\/wp\/v2\/types\/page"}],"author":[{"embeddable":true,"href":"https:\/\/masters.filescat.uab.cat\/moiellc\/wp-json\/wp\/v2\/users\/1"}],"replies":[{"embeddable":true,"href":"https:\/\/masters.filescat.uab.cat\/moiellc\/wp-json\/wp\/v2\/comments?post=1329"}],"version-history":[{"count":7,"href":"https:\/\/masters.filescat.uab.cat\/moiellc\/wp-json\/wp\/v2\/pages\/1329\/revisions"}],"predecessor-version":[{"id":3162,"href":"https:\/\/masters.filescat.uab.cat\/moiellc\/wp-json\/wp\/v2\/pages\/1329\/revisions\/3162"}],"wp:attachment":[{"href":"https:\/\/masters.filescat.uab.cat\/moiellc\/wp-json\/wp\/v2\/media?parent=1329"}],"curies":[{"name":"wp","href":"https:\/\/api.w.org\/{rel}","templated":true}]}}

El Màster

<p>[et_pb_section fb_built=&#8221;1&#8243; _builder_version=&#8221;4.16&#8243; global_colors_info=&#8221;{}&#8221;][et_pb_row _builder_version=&#8221;4.16&#8243; custom_margin=&#8221;0px|||&#8221; custom_padding=&#8221;0px|||&#8221; global_colors_info=&#8221;{}&#8221;][et_pb_column type=&#8221;4_4&#8243; _builder_version=&#8221;4.16&#8243; custom_padding=&#8221;|||&#8221; global_colors_info=&#8221;{}&#8221; custom_padding__hover=&#8221;|||&#8221;][et_pb_image src=&#8221;https://masters.filescat.uab.cat/moiellc/wp-content/uploads/sites/4/2011/11/master-inici_2024.webp&#8221; title_text=&#8221;master-inici_2024&#8243; align=&#8221;center&#8221; align_tablet=&#8221;center&#8221; align_phone=&#8221;center&#8221; align_last_edited=&#8221;on|desktop&#8221; _builder_version=&#8221;4.27.4&#8243; custom_margin=&#8221;0px|||&#8221; custom_padding=&#8221;0px|||&#8221; global_colors_info=&#8221;{}&#8221;][/et_pb_image][et_pb_text _builder_version=&#8221;4.27.4&#8243; hover_enabled=&#8221;0&#8243; global_colors_info=&#8221;{}&#8221; sticky_enabled=&#8221;0&#8243;]</p>
<h2>El <strong>Màster en Estudis Avançats de Llengua i Literatura Catalanes</strong> (MEALLC) és un màster oficial interuniversitari organitzat per la Universitat de Barcelona i la Universitat Autònoma de Barcelona, que n’és la universitat coordinadora.</h2>
<h3>El màster compta amb l’acreditació d’excel·lència de l’Agència per a la Qualitat del Sistema Universitari (AQU Catalunya).</h3>
<h3>El curs 2025-2026, el màster inaugura <strong>un nou pla d’estudis</strong>, que, sense perdre la possibilitat de cursar itineraris d’especialització, és més flexible en l’organització de les assignatures optatives i més transversal en l’orientació dels continguts.</h3>
<p>[/et_pb_text][/et_pb_column][/et_pb_row][et_pb_row _builder_version=&#8221;4.16&#8243; custom_margin=&#8221;0px||0px|&#8221; custom_padding=&#8221;0px||0px|&#8221; global_colors_info=&#8221;{}&#8221;][et_pb_column type=&#8221;4_4&#8243; _builder_version=&#8221;4.16&#8243; custom_padding=&#8221;0px||0px|&#8221; global_colors_info=&#8221;{}&#8221; custom_padding__hover=&#8221;|||&#8221;][et_pb_text _builder_version=&#8221;4.27.4&#8243; global_colors_info=&#8221;{}&#8221;]</p>
<h2 style="text-align: center;">Itineraris</h2>
<p>[/et_pb_text][/et_pb_column][/et_pb_row][et_pb_row column_structure=&#8221;1_3,1_3,1_3&#8243; _builder_version=&#8221;4.16&#8243; background_size=&#8221;initial&#8221; background_position=&#8221;top_left&#8221; background_repeat=&#8221;repeat&#8221; global_colors_info=&#8221;{}&#8221;][et_pb_column type=&#8221;1_3&#8243; _builder_version=&#8221;4.16&#8243; custom_padding=&#8221;|||&#8221; global_colors_info=&#8221;{}&#8221; custom_padding__hover=&#8221;|||&#8221;][et_pb_blurb title=&#8221;LINGÜÍSTICA CATALANA&#8221; use_icon=&#8221;on&#8221; font_icon=&#8221;&#xe06a;||divi||400&#8243; image_icon_width=&#8221;50px&#8221; _builder_version=&#8221;4.27.4&#8243; header_font=&#8221;|600||on|||||&#8221; header_text_align=&#8221;center&#8221; text_orientation=&#8221;center&#8221; icon_font_size=&#8221;50px&#8221; global_colors_info=&#8221;{}&#8221;]</p>
<h5>Estudi avançat de la llengua catalana en els seus aspectes gramaticals, sincrònics, diacrònics i d’ús social</h5>
<p>[/et_pb_blurb][/et_pb_column][et_pb_column type=&#8221;1_3&#8243; _builder_version=&#8221;4.16&#8243; custom_padding=&#8221;|||&#8221; global_colors_info=&#8221;{}&#8221; custom_padding__hover=&#8221;|||&#8221;][et_pb_blurb title=&#8221;LITERATURA CATALANA&#8221; use_icon=&#8221;on&#8221; font_icon=&#8221;&#xe06a;||divi||400&#8243; image_icon_width=&#8221;50px&#8221; _builder_version=&#8221;4.27.4&#8243; header_font=&#8221;|600||on|||||&#8221; header_text_align=&#8221;center&#8221; text_orientation=&#8221;center&#8221; icon_font_size=&#8221;50px&#8221; global_colors_info=&#8221;{}&#8221;]</p>
<h5>Estudi avançat de la literatura catalana de totes les èpoques, amb atenció al sistema literari, l’estudi d’autors i els mètodes de la història literària</h5>
<p>[/et_pb_blurb][/et_pb_column][et_pb_column type=&#8221;1_3&#8243; _builder_version=&#8221;4.16&#8243; custom_padding=&#8221;|||&#8221; global_colors_info=&#8221;{}&#8221; custom_padding__hover=&#8221;|||&#8221;][et_pb_blurb title=&#8221;SENSE ITINERARI&#8221; use_icon=&#8221;on&#8221; font_icon=&#8221;&#xe06a;||divi||400&#8243; image_icon_width=&#8221;50px&#8221; _builder_version=&#8221;4.27.4&#8243; header_font=&#8221;|600||on|||||&#8221; header_text_align=&#8221;center&#8221; text_orientation=&#8221;center&#8221; icon_font_size=&#8221;50px&#8221; global_colors_info=&#8221;{}&#8221;]</p>
<h5>L’estudiant pot configurar lliurement el seu itinerari a partir de l’oferta d’assignatures optatives, per tal d’obtenir la formació avançada en llengua i literatura que s’adapti més bé als seus interessos i objectius</h5>
<p>[/et_pb_blurb][/et_pb_column][/et_pb_row][/et_pb_section]</p>

<p>El Màster en Estudis Avançats de Llengua i Literatura Catalanes (MEALLC) és un màster oficial interuniversitari organitzat per la Universitat de Barcelona i la Universitat Autònoma de Barcelona, que n’és la universitat coordinadora. El màster compta amb l’acreditació d’excel·lència de l’Agència per a la Qualitat del Sistema Universitari (AQU Catalunya). El curs 2025-2026, el màster [&hellip;]</p>

<h6>El <strong>Màster Oficial Interuniversitari Estudis Avançats de Llengua i Literatura catalanes </strong>(MOIELLC), coordinat per la Universitat Autònoma de Barcelona i la Universitat de Barcelona, pertany al Programa Oficial de Postgrau de Llengua i Literatura.</h6>
<p><span class="hr_shortcode">L'objectiu del màster és proporcionar una formació específica i avançada en <strong>llengua</strong> i <strong>literatura</strong> <strong>catalanes</strong>, tant pel que fa als aspectes teòrics com pel que fa als aspectes més aplicats. Els estudis estan organitzats en dues especialitats:</span></p>
<ul>
<li><strong>lingüística</strong> catalana</li>
<li><strong>literatura</strong> catalana</li>
</ul>
<h4>Especialitats - Itineraris</h4>
<div class="layout_1_3">
<p><span class="dropcap2">A</span></p>
<h6>Lingüística catalana</h6>
<p>Estudi avançat de la llengua catalana en els seus aspectes gramaticals, sincrònics, diacrònics i d'ús</p>
</div>
<div class="layout_2_3">
<p><span class="dropcap2">B</span></p>
<h6>Literatura catalana</h6>
<p>Estudi avançat de la literatura catalana en totes les seves èpoques (de l'Edat Mitjana a l'actualitat), incloent-hi l'estudi de l'edició de textos i de les grans escoles crítiques</p>
</div>
